{"id":70,"date":"2016-02-27T11:37:23","date_gmt":"2016-02-27T11:37:23","guid":{"rendered":"http:\/\/users.utu.fi\/ahpmak\/?page_id=70"},"modified":"2026-03-05T23:31:04","modified_gmt":"2026-03-05T21:31:04","slug":"presentations","status":"publish","type":"page","link":"https:\/\/users.utu.fi\/ahpmak\/presentations\/","title":{"rendered":"Presentations and talks"},"content":{"rendered":"<h4 style=\"text-align: justify\"><strong>Selected presentations: academic conferences (only including ones where I was a presenter)<br \/>\n<\/strong><\/h4>\n<p><strong>2025<\/strong><\/p>\n<p>M\u00e4kil\u00e4hde, Aleksi. Matriisikielikehysmalli sovellettuna historialliseen koodinvaihtoon: Katsaus aiempaan tutkimukseen. LI Kielitieteen p\u00e4iv\u00e4t, Helsinki. (13 May)<\/p>\n<p><strong>2024<\/strong><\/p>\n<p>M\u00e4kil\u00e4hde, Aleksi. Testing the Matrix Language Frame model with historical data: English, Latin and Greek in early modern Britain. 57th Annual Meeting of the Societas Linguistica Europaea. (24 August)<\/p>\n<p>M\u00e4kil\u00e4hde, Aleksi &amp; Lintunen, Pekka. Choosing a pronunciation model: Learners&#8217; perspective. FINSSE-11, Helsinki. (14 June)<\/p>\n<p>M\u00e4kil\u00e4hde, Aleksi. Historiallisen koodinvaihdon kielioppia: Testiss\u00e4 matriisikielikehysmalli. L Kielitieteen p\u00e4iv\u00e4t, Jyv\u00e4skyl\u00e4. (6 May)<\/p>\n<p><strong>2023<\/strong><\/p>\n<p>M\u00e4kil\u00e4hde, Aleksi &amp; Lintunen, Pekka. Kuulostaa hyv\u00e4lt\u00e4: Malliaksentin valinta oppijan n\u00e4k\u00f6kulmasta. XLIX Kielitieteen p\u00e4iv\u00e4t, Oulu. (26 May)<\/p>\n<p>M\u00e4kil\u00e4hde, Aleksi. Pohdintaa matriisikielikehysmallista. XLIX Kielitieteen p\u00e4iv\u00e4t, Oulu. (25 May)<\/p>\n<p><strong>2022<\/strong><\/p>\n<p>M\u00e4kil\u00e4hde, Aleksi. The pervasiveness of normativity in language use: A focus on code-switching. SALC8 (workshop: Exploring normativity in language and linguistics: Updates and further developments), Turku. (19 August)<\/p>\n<p>M\u00e4kil\u00e4hde, Aleksi &amp; Itkonen, Esa. Norms and normativity: A brief introduction. SALC8 (workshop: Exploring normativity in language and linguistics: Updates and further developments), Turku. (19 August)<\/p>\n<p>M\u00e4kil\u00e4hde, Aleksi. Kielellisten strategioiden omaksuminen uuden ajan alun kouluissa. XLVIII Kielitieteen p\u00e4iv\u00e4t, Turku. (13 May)<\/p>\n<p><strong>2021<\/strong><\/p>\n<p>M\u00e4kil\u00e4hde, Aleksi. Koodinvaihdon selitt\u00e4misest\u00e4: Taksonomioiden vertailua. XLVII Kielitieteen p\u00e4iv\u00e4t, Tampere (Online). (7 May)<\/p>\n<p>Itkonen, Esa &amp; M\u00e4kil\u00e4hde, Aleksi. Rationaalisen selityksen asemasta kielitieteen eri osa-alueilla. XLVII Kielitieteen p\u00e4iv\u00e4t, Tampere (Online). (7 May)<\/p>\n<p><strong>2019<\/strong><\/p>\n<p>M\u00e4kil\u00e4hde, Aleksi. Kielellisten tekojen rakenteesta: Teoriaa ja sovelluksia. XLVI Kielitieteen p\u00e4iv\u00e4t, Joensuu. (18 May)<\/p>\n<p>M\u00e4kil\u00e4hde, Aleksi, Peltonen, Pauliina &amp; Lintunen, Pekka. Arviosta palautteeksi: Vieraan kielen \u00e4\u00e4nt\u00e4mispalautteen kohdentamisen harjoittelua. XLVI Kielitieteen p\u00e4iv\u00e4t, Joensuu. (17 May)<\/p>\n<p><strong>2018<\/strong><\/p>\n<p>Lintunen, Pekka, M\u00e4kil\u00e4hde, Aleksi &amp; Peltonen, Pauliina. Vieraan kielen \u00e4\u00e4nt\u00e4mispalaute autenttisissa ja simuloiduissa oppimistilanteissa. XLV Kielitieteen p\u00e4iv\u00e4t, Helsinki. (8 May)<\/p>\n<p>M\u00e4kil\u00e4hde, Aleksi. Koodinvaihdon syntaksin tutkimuksen metateoriasta: Synteesej\u00e4 ja analogioita. XLV Kielitieteen p\u00e4iv\u00e4t, Helsinki. (8 May)<\/p>\n<p style=\"text-align: justify\"><strong>2017<\/strong><\/p>\n<p style=\"text-align: justify\">M\u00e4kil\u00e4hde, Aleksi. Pragmafilologisen metodologian luonteesta. XLIV Kielitieteen p\u00e4iv\u00e4t, Jyv\u00e4skyl\u00e4. (20 May)<\/p>\n<p style=\"text-align: justify\">M\u00e4kil\u00e4hde, Aleksi, Peltonen, Pauliina &amp; Lintunen, Pekka. Toimiiko kielenoppija toiveidensa mukaisesti? Katsaus \u00e4\u00e4nt\u00e4mispalautteeseen. XLIV Kielitieteen p\u00e4iv\u00e4t, Jyv\u00e4skyl\u00e4. (19 May)<\/p>\n<p style=\"text-align: justify\">M\u00e4kil\u00e4hde, Aleksi &amp; Rissanen, Veli-Matti. The syntax of code-switching in Cicero&#8217;s letters: Testing formal constraint models. ICLL 19, Munich. (26 April)<\/p>\n<p style=\"text-align: justify\">Alho, Tommi &amp; M\u00e4kil\u00e4hde, Aleksi. Dating Latin loanwords in Old English: Some methodological problems. Contextualizing historical lexicoloy conference, Helsinki. (17 May)<\/p>\n<p style=\"text-align: justify\"><strong>2016<\/strong><\/p>\n<p style=\"text-align: justify\">Johnson, Anthony W., M\u00e4kil\u00e4hde, Aleksi &amp; Alho, Tommi. Skills and knowledge in the Restoration schoolroom: Exploring George Lovejoy&#8217;s Speechbook. Teaching &amp; Learning in Early Modern England: Skills &amp; Knowledge in Practice conference, Cambridge. (1 September)<\/p>\n<p style=\"text-align: justify\">M\u00e4kil\u00e4hde, Aleksi. Language choice and code-switching in Early Modern English school drama: A pragmaphilological approach. ICEHL 19, Essen. (23 August)<\/p>\n<p style=\"text-align: justify\">M\u00e4kil\u00e4hde, Aleksi. Multilingualism in the classroom and on the stage: Language attitudes and contact in early modern England. Sociolinguistics Symposium 21 (colloquium: The interaction between social factors and the occurrence of lexico-grammatical contact effects), Murcia. (17 June)<\/p>\n<p style=\"text-align: justify\">M\u00e4kil\u00e4hde, Aleksi. Norms, rationality and research on code-switching. XLIII Finnish Conference of Linguistics (workshop: Normativity in Language and in Linguistics), Oulu. (27 May)<\/p>\n<p style=\"text-align: justify\">M\u00e4kil\u00e4hde, Aleksi &amp; Lintunen, Pekka. Kuinka oppija toimii? Esimerkkin\u00e4 aksenttivalinta. XLIII Kielitieteen p\u00e4iv\u00e4t, Oulu. (26 May)<\/p>\n<p style=\"text-align: justify\">M\u00e4kil\u00e4hde, Aleksi. Neo-Latin, English and Greek: Multilingualism in a Restoration manuscript. RSA 2016 (panel: The <em>Orationes<\/em> project: Interdisciplinary approaches to Renaissance school drama), Boston. (2 April)<\/p>\n<p style=\"text-align: justify\">M\u00e4kil\u00e4hde, Aleksi. Context, social roles and linguistic practices: Language choice and code-switching in early modern school drama. HiSoN 2016, Helsinki. (11 March)<\/p>\n<p style=\"text-align: justify\">M\u00e4kil\u00e4hde, Aleksi &amp; Rissanen, Veli-Matti. Methodological considerations in analysing the functions of code-switching in Cicero&#8217;s letters. HiSoN 2016, Helsinki. (11 March)<\/p>\n<p style=\"text-align: justify\"><strong>2015<\/strong><\/p>\n<p style=\"text-align: justify\">M\u00e4kil\u00e4hde, Aleksi. Intertextuality and allusions in Neo-Latin school drama. IANLS 16, Vienna. (3 August)<\/p>\n<p style=\"text-align: justify\">Alho, Tommi, Lepp\u00e4nen, Ville &amp; M\u00e4kil\u00e4hde, Aleksi. Normativity and language change. ICHL 22, Naples. (28 July)<\/p>\n<p style=\"text-align: justify\">M\u00e4kil\u00e4hde, Aleksi &amp; Rissanen, Veli-Matti. A pragmaphilological approach to code-switching in Cicero&#8217;s letters. ICLL 18, Toulouse. (10 June)<\/p>\n<p style=\"text-align: justify\">M\u00e4kil\u00e4hde, Aleksi. Koodinvaihdon ja lainaamisen v\u00e4linen jatkumo. XLII Kielitieteen p\u00e4iv\u00e4t, Vaasa. (23 May)<\/p>\n<p style=\"text-align: justify\"><strong>2014<\/strong><\/p>\n<p style=\"text-align: justify\">M\u00e4kil\u00e4hde, Aleksi. The switching-borrowing continuum: Methodological problems in research on historical multilingualism. Language Contact: The State of the Art, Helsinki.(28 August)<\/p>\n<p style=\"text-align: justify\">M\u00e4kil\u00e4hde, Aleksi. The pragmatic functions of code-switching in Early Modern English school drama. ICEHL 18, Leuven. (16 July)<\/p>\n<p style=\"text-align: justify\">M\u00e4kil\u00e4hde, Aleksi. Constructing and negotiating social roles in early modern school drama. Sociolinguistics Symposium 20, Jyv\u00e4skyl\u00e4. (17 June)<\/p>\n<p style=\"text-align: justify\">M\u00e4kil\u00e4hde, Aleksi. Approaching the functions of historical code-switching. HiCS: The Next Step, Tampere. (13 June)<\/p>\n<p style=\"text-align: justify\">M\u00e4kil\u00e4hde, Aleksi. Funktion m\u00e4\u00e4rittelemisen ongelma historiallisen monikielisyyden tutkimuksessa. XLI Kielitieteen p\u00e4iv\u00e4t, Turku. (10 May)<\/p>\n<p style=\"text-align: justify\">M\u00e4kil\u00e4hde, Aleksi. Multilingualism and power: Code-switching in early modern school drama. HiSoN 2014, Sheffield. (6 February)<\/p>\n<p style=\"text-align: justify\"><strong>2013<\/strong><\/p>\n<p style=\"text-align: justify\">M\u00e4kil\u00e4hde, Aleksi. Monikielisi\u00e4 k\u00e4yt\u00e4nteit\u00e4 uuden ajan alun Englannissa. XL Kielitieteen p\u00e4iv\u00e4t, Tampere. (2 May)<\/p>\n<p style=\"text-align: justify\">M\u00e4kil\u00e4hde, Aleksi. Interaction between translation and code-switching in historical texts: Methodological considerations and contextual factors. CROSSLING symposium, Joensuu (28 February)<\/p>\n<p style=\"text-align: justify\"><strong>2012<\/strong><\/p>\n<p style=\"text-align: justify\">M\u00e4kil\u00e4hde, Aleksi, Vaahtera, Jyri &amp; Johnson, Anthony W. Performative grammars: Genre, code-switching and allusion in a Restoration manuscript. Grammar and Genre: interfaces and influences, Turku. (26 October)<\/p>\n<p style=\"text-align: justify\">M\u00e4kil\u00e4hde, Aleksi &amp; Johnson, Anthony W. From digital text to the real world: Code-switching and allusion in the Christmas plays from the &#8216;<em>Orationes<\/em>&#8216; manuscript. FINSSE-6, Joensuu. (19 October)<\/p>\n<h4 style=\"text-align: justify\"><strong>Selected presentations: seminars<br \/>\n<\/strong><\/h4>\n<p><strong>2023<\/strong><\/p>\n<p>M\u00e4kil\u00e4hde, Aleksi. Filologian filosofiaa Raimo Anttilan jalanj\u00e4ljiss\u00e4. MYK XXXIII: Raimo Anttilan muistoseminaari, Turku. (6 September)<\/p>\n<p><strong>2020<\/strong><\/p>\n<p>M\u00e4kil\u00e4hde, Aleksi. Acquiring discourse strategies in early modern English grammar schools: A focus on code-switching. UCL Greek and Latin, Departmental research seminar, London (Online). (18 Nov)<\/p>\n<p><strong>2017<\/strong><\/p>\n<p>M\u00e4kil\u00e4hde, Aleksi. Raimo Anttila ja tieteenfilosofia II: Filologia. MYK XXIV: Raimo Anttila 82 vuotta -juhlaseminaari, Turku. (12 May)<\/p>\n<p><strong>2016<\/strong><\/p>\n<p>M\u00e4kil\u00e4hde, Aleksi &amp; Rissanen, Veli-Matti. Ciceron kirjeiden koodinvaihdon syntaksista. MYK XIX: Muinaiset kielikontaktit, Turku.<\/p>\n<p>M\u00e4kil\u00e4hde, Aleksi. Monikielisyyden ja koodinvaihdon rooli henkil\u00f6hahmojen rakentamisessa uuden ajan alun koulun\u00e4ytelmiss\u00e4. Monikielisyys kaunokirjallisissa teksteiss\u00e4 -seminaari, Helsinki.<\/p>\n<p>M\u00e4kil\u00e4hde, Aleksi. Hermann Paulin relevanssi nykyiselle kielikontaktien ja monikielisyyden tutkimukselle. MYK XVI: Tietysti Paulkin!: Hermann Paul -juhlaseminaari, Turku.<\/p>\n<p><strong>2015<\/strong><\/p>\n<p>M\u00e4kil\u00e4hde, Aleksi. Normatiivisuudesta koodinvaihdon tutkimuksessa. MYK XIV: Normip\u00e4iv\u00e4 2, Turku.<\/p>\n<p>M\u00e4kil\u00e4hde, Aleksi. Language choice and code-switching in Early Modern English school drama: A pragmaphilological approach. The English Department lunch seminar, Z\u00fcrich.<\/p>\n<p><strong>2014<\/strong><\/p>\n<p>M\u00e4kil\u00e4hde, Aleksi. Normatiivisuus ja pragmatiikka. MYK IX: Normip\u00e4iv\u00e4, Turku.<\/p>\n<p>M\u00e4kil\u00e4hde, Aleksi. Pragmaattista funktiota etsim\u00e4ss\u00e4. MYK VII: N\u00e4k\u00f6kulmia kieleen ja kielentutkimukseen, Turku.<\/p>\n<p>Lepp\u00e4nen, Ville &amp; M\u00e4kil\u00e4hde, Aleksi. Keksittyj\u00e4 esimerkkej\u00e4 ja rekonstruktion epistemologiaa. MYK V: Argumentaation vastaisku, Turku.<\/p>\n<p>M\u00e4kil\u00e4hde, Aleksi &amp; Lepp\u00e4nen, Ville. Lyhyt katsaus laitoksen kielitieteellisiin tutkielmiin. MYK IV: Tutkielmatiistai, Turku.<\/p>\n<p><strong>2013<\/strong><\/p>\n<p>M\u00e4kil\u00e4hde, Aleksi. Huomioita lainasanoista, koodinvaihdosta ja kontaktista. MYK II: Kielihistoriallinen iltap\u00e4iv\u00e4, Turku.<\/p>\n<p>M\u00e4kil\u00e4hde, Aleksi. Menetelm\u00e4\u00e4 etsim\u00e4ss\u00e4: yleisen kielitieteen rooli pragmafilologisessa tutkimuksessa. Melko yleist\u00e4 kielitiedett\u00e4, Turku.<\/p>\n<p><strong>2012<\/strong><\/p>\n<p>M\u00e4kil\u00e4hde, Aleksi. J\u00e4\u00e4tynytt\u00e4 mustetta ja kielioppirovio: Klassillisten kielten opiskelua ja arkea Canterburyn katedraalikoulussa 1600-luvun lopulla. Paideia, Turun klassillinen yhdistys r.y., Turku.<\/p>\n","protected":false},"excerpt":{"rendered":"<p>Selected presentations: academic conferences (only including ones where I was a presenter) 2025 M\u00e4kil\u00e4hde, Aleksi. Matriisikielikehysmalli sovellettuna historialliseen koodinvaihtoon: Katsaus aiempaan tutkimukseen. LI Kielitieteen p\u00e4iv\u00e4t, Helsinki. (13 May) 2024 M\u00e4kil\u00e4hde, Aleksi. Testing the Matrix Language Frame model with historical data: [&hellip;]<\/p>\n","protected":false},"author":46,"featured_media":0,"parent":0,"menu_order":0,"comment_status":"closed","ping_status":"closed","template":"","meta":{"footnotes":""},"class_list":["post-70","page","type-page","status-publish","hentry"],"_links":{"self":[{"href":"https:\/\/users.utu.fi\/ahpmak\/wp-json\/wp\/v2\/pages\/70","targetHints":{"allow":["GET"]}}],"collection":[{"href":"https:\/\/users.utu.fi\/ahpmak\/wp-json\/wp\/v2\/pages"}],"about":[{"href":"https:\/\/users.utu.fi\/ahpmak\/wp-json\/wp\/v2\/types\/page"}],"author":[{"embeddable":true,"href":"https:\/\/users.utu.fi\/ahpmak\/wp-json\/wp\/v2\/users\/46"}],"replies":[{"embeddable":true,"href":"https:\/\/users.utu.fi\/ahpmak\/wp-json\/wp\/v2\/comments?post=70"}],"version-history":[{"count":16,"href":"https:\/\/users.utu.fi\/ahpmak\/wp-json\/wp\/v2\/pages\/70\/revisions"}],"predecessor-version":[{"id":806,"href":"https:\/\/users.utu.fi\/ahpmak\/wp-json\/wp\/v2\/pages\/70\/revisions\/806"}],"wp:attachment":[{"href":"https:\/\/users.utu.fi\/ahpmak\/wp-json\/wp\/v2\/media?parent=70"}],"curies":[{"name":"wp","href":"https:\/\/api.w.org\/{rel}","templated":true}]}}