{"id":134,"date":"2019-03-04T16:07:31","date_gmt":"2019-03-04T14:07:31","guid":{"rendered":"http:\/\/users.utu.fi\/eolokk\/?page_id=134"},"modified":"2020-03-16T17:05:32","modified_gmt":"2020-03-16T15:05:32","slug":"kaytanto","status":"publish","type":"page","link":"https:\/\/users.utu.fi\/eolokk\/tkp2\/kaytanto\/","title":{"rendered":"J\u00e4rjestelyt"},"content":{"rendered":"<p>Luennoitsija: Erno Lokkila<\/p>\n<p>ViLLE-rekister\u00f6intitiedot:<\/p>\n<li><strong>Rekister\u00f6intikoodi<\/strong>: 5124098<\/li>\n<li><strong>Kurssiavain<\/strong>: tieper2645<\/li>\n<li><strong>Rekister\u00f6itymislinkki<\/strong>: https:\/\/ville.utu.fi?c=4eFNF69FLzeY<\/li>\n<p>Kurssisuoritus 5op:<\/p>\n<ul>\n<li>Tutoriaalil\u00e4sn\u00e4olot 0\/7<\/li>\n<li>Tutoriaalipisteet 50%<\/li>\n<li>Kotiteht\u00e4v\u00e4tpisteet 50%<\/li>\n<li>Hyv\u00e4ksytty tentti<\/li>\n<\/ul>\n<p>Vaihtoehtoinen kurssisuoritus 5op, arvosanalla 1:<\/p>\n<ul>\n<li>Tutoriaalil\u00e4sn\u00e4olot 0\/7<\/li>\n<li>Tutoriaalipisteet 50%<\/li>\n<li>Kotiteht\u00e4v\u00e4tpisteet 50%<\/li>\n<li>85% kurssin ViLLE-pisteist\u00e4<\/li>\n<\/ul>\n<p>Kurssin luennot j\u00e4rjestet\u00e4\u00e4n toistaiseksi et\u00e4n\u00e4 Zoomissa <strong>https:\/\/utu.zoom.us\/j\/302286786<\/strong>.<br \/>\nLuentoaikataulu ei muutu.<\/p>\n<p>Mentorointi torstaisin tutoriaalien j\u00e4lkeen klo 16-&gt; Zoomissa<br \/>\nVapauttava koe j\u00e4rjestet\u00e4\u00e4n pe 6.3.2019, klo 10-12 mikroluokassa K126C. Ilmoittautuminen ViLLEss\u00e4.<\/p>\n","protected":false},"excerpt":{"rendered":"<p>Luennoitsija: Erno Lokkila ViLLE-rekister\u00f6intitiedot: Rekister\u00f6intikoodi: 5124098 Kurssiavain: tieper2645 Rekister\u00f6itymislinkki: https:\/\/ville.utu.fi?c=4eFNF69FLzeY Kurssisuoritus 5op: Tutoriaalil\u00e4sn\u00e4olot 0\/7 Tutoriaalipisteet 50% Kotiteht\u00e4v\u00e4tpisteet 50% Hyv\u00e4ksytty tentti Vaihtoehtoinen kurssisuoritus 5op, arvosanalla 1: Tutoriaalil\u00e4sn\u00e4olot 0\/7 Tutoriaalipisteet 50% Kotiteht\u00e4v\u00e4tpisteet 50% 85% kurssin ViLLE-pisteist\u00e4 Kurssin luennot j\u00e4rjestet\u00e4\u00e4n toistaiseksi et\u00e4n\u00e4 Zoomissa https:\/\/utu.zoom.us\/j\/302286786. Luentoaikataulu ei muutu. Mentorointi torstaisin tutoriaalien j\u00e4lkeen klo 16-&gt; Zoomissa Vapauttava koe j\u00e4rjestet\u00e4\u00e4n pe [&hellip;]<\/p>\n","protected":false},"author":990,"featured_media":0,"parent":41,"menu_order":0,"comment_status":"closed","ping_status":"closed","template":"","meta":{"footnotes":""},"class_list":["post-134","page","type-page","status-publish","czr-hentry"],"_links":{"self":[{"href":"https:\/\/users.utu.fi\/eolokk\/wp-json\/wp\/v2\/pages\/134","targetHints":{"allow":["GET"]}}],"collection":[{"href":"https:\/\/users.utu.fi\/eolokk\/wp-json\/wp\/v2\/pages"}],"about":[{"href":"https:\/\/users.utu.fi\/eolokk\/wp-json\/wp\/v2\/types\/page"}],"author":[{"embeddable":true,"href":"https:\/\/users.utu.fi\/eolokk\/wp-json\/wp\/v2\/users\/990"}],"replies":[{"embeddable":true,"href":"https:\/\/users.utu.fi\/eolokk\/wp-json\/wp\/v2\/comments?post=134"}],"version-history":[{"count":9,"href":"https:\/\/users.utu.fi\/eolokk\/wp-json\/wp\/v2\/pages\/134\/revisions"}],"predecessor-version":[{"id":573,"href":"https:\/\/users.utu.fi\/eolokk\/wp-json\/wp\/v2\/pages\/134\/revisions\/573"}],"up":[{"embeddable":true,"href":"https:\/\/users.utu.fi\/eolokk\/wp-json\/wp\/v2\/pages\/41"}],"wp:attachment":[{"href":"https:\/\/users.utu.fi\/eolokk\/wp-json\/wp\/v2\/media?parent=134"}],"curies":[{"name":"wp","href":"https:\/\/api.w.org\/{rel}","templated":true}]}}