{"id":236,"date":"2019-09-16T01:00:57","date_gmt":"2019-09-15T23:00:57","guid":{"rendered":"http:\/\/users.utu.fi\/eolokk\/?page_id=236"},"modified":"2019-09-16T18:12:38","modified_gmt":"2019-09-16T16:12:38","slug":"luento3","status":"publish","type":"page","link":"https:\/\/users.utu.fi\/eolokk\/tkp1\/luento3\/","title":{"rendered":"Luento2"},"content":{"rendered":"<p>Luentokalvot 2016<br \/>\n<a href=\"https:\/\/users.utu.fi\/eolokk\/wp-content\/uploads\/sites\/423\/2019\/09\/luento3_2016.pdf\">luento3_2016<\/a><\/p>\n<p>Luentokalvot 2019:<br \/>\n<a href=\"https:\/\/users.utu.fi\/eolokk\/wp-content\/uploads\/sites\/423\/2019\/09\/Luento2_presis.pdf\">Luento2<\/a><\/p>\n<p>Salaseuran ty\u00f6ntekij\u00e4data<br \/>\n<a href=\"salaseura_tyontekijat\">T\u00e4st\u00e4<\/a><\/p>\n","protected":false},"excerpt":{"rendered":"<p>Luentokalvot 2016 luento3_2016 Luentokalvot 2019: Luento2 Salaseuran ty\u00f6ntekij\u00e4data T\u00e4st\u00e4<\/p>\n","protected":false},"author":990,"featured_media":0,"parent":215,"menu_order":0,"comment_status":"closed","ping_status":"closed","template":"","meta":{"footnotes":""},"class_list":["post-236","page","type-page","status-publish","czr-hentry"],"_links":{"self":[{"href":"https:\/\/users.utu.fi\/eolokk\/wp-json\/wp\/v2\/pages\/236","targetHints":{"allow":["GET"]}}],"collection":[{"href":"https:\/\/users.utu.fi\/eolokk\/wp-json\/wp\/v2\/pages"}],"about":[{"href":"https:\/\/users.utu.fi\/eolokk\/wp-json\/wp\/v2\/types\/page"}],"author":[{"embeddable":true,"href":"https:\/\/users.utu.fi\/eolokk\/wp-json\/wp\/v2\/users\/990"}],"replies":[{"embeddable":true,"href":"https:\/\/users.utu.fi\/eolokk\/wp-json\/wp\/v2\/comments?post=236"}],"version-history":[{"count":8,"href":"https:\/\/users.utu.fi\/eolokk\/wp-json\/wp\/v2\/pages\/236\/revisions"}],"predecessor-version":[{"id":431,"href":"https:\/\/users.utu.fi\/eolokk\/wp-json\/wp\/v2\/pages\/236\/revisions\/431"}],"up":[{"embeddable":true,"href":"https:\/\/users.utu.fi\/eolokk\/wp-json\/wp\/v2\/pages\/215"}],"wp:attachment":[{"href":"https:\/\/users.utu.fi\/eolokk\/wp-json\/wp\/v2\/media?parent=236"}],"curies":[{"name":"wp","href":"https:\/\/api.w.org\/{rel}","templated":true}]}}