{"id":1170,"date":"2024-11-15T10:33:29","date_gmt":"2024-11-15T07:33:29","guid":{"rendered":"https:\/\/users.utu.fi\/hamham\/?page_id=1170"},"modified":"2025-06-16T19:06:52","modified_gmt":"2025-06-16T16:06:52","slug":"research-in-media-selected","status":"publish","type":"page","link":"https:\/\/users.utu.fi\/hamham\/research-in-media-selected\/","title":{"rendered":"Research in media"},"content":{"rendered":"<p class=\"article__h1\"><strong>Selected media coverage of my research<br \/>\n<\/strong><\/p>\n<p><a href=\"https:\/\/www.maaseuduntulevaisuus.fi\/koti\/efcacf64-f102-4f3a-8064-e323296792f6\" target=\"_blank\" rel=\"noopener\">Killinki\u00e4 kullannupulle<\/a> (Maaseudun tulevaisuus, 16.4.2025)<\/p>\n<p><a href=\"https:\/\/www.nytimes.com\/2024\/08\/03\/health\/stepchildren-eldercare.html\" target=\"_blank\" rel=\"noopener\">When Elder Care Is All in the Stepfamily<\/a> (New York Times, 3.8.2024)<\/p>\n<p><a href=\"https:\/\/www.straitstimes.com\/life\/rise-of-stepfamilies-in-the-us-and-its-impact-on-eldercare\" target=\"_blank\" rel=\"noopener\">Rise of stepfamilies in the US and its impact on eldercare<\/a> (The Strait Times, 13.8.2024)<\/p>\n<p><a href=\"https:\/\/buffalonews.com\/news\/national\/when-elder-care-is-all-in-the-stepfamily\/article_2cf822e3-7db6-5814-b4f0-8c3f56625d41.html\" target=\"_blank\" rel=\"noopener\">When Elder Care Is All in the Stepfamily<\/a> (The Buffalo News, 6.8.2024)<\/p>\n<p><a href=\"https:\/\/www.hs.fi\/tiede\/art-2000009324546.html\" target=\"_blank\" rel=\"noopener\">Ristiriitaiset rooliodotukset vieraannuttavat aikuisiakin vanhemmistaan<\/a> (Helsingin sanomat, 30.1.2023)<\/p>\n<p><a href=\"https:\/\/www.hs.fi\/perhe\/art-2000008459072.html\" target=\"_blank\" rel=\"noopener\">Sitten kiitokset tukiverkoille<\/a> (Helsingin sanomat, 24.4.2022)<\/p>\n<p><a href=\"https:\/\/aamuset.fi\/artikkeli\/5451593\" target=\"_blank\" rel=\"noopener\">El\u00e4kkeelle j\u00e4\u00e4minen lis\u00e4\u00e4 isovanhempien lastenlasten hoitamiseen k\u00e4ytt\u00e4m\u00e4\u00e4 aikaa<\/a> (Aamuset, 12.10.2021)<\/p>\n<p><a href=\"https:\/\/www.maaseuduntulevaisuus.fi\/tiede-tekniikka\/artikkeli-1.1430407\" target=\"_blank\" rel=\"noopener\">Suurten ik\u00e4luokkien yhteydenpito lapsiinsa ja rahan antaminen v\u00e4hentynyt<\/a> (Maaseudun tulevaisuus, 8.6.2021)<\/p>\n<p><a href=\"https:\/\/www.paivamies.fi\/uutiset\/suuret-ikaluokat-pitavat-aiempaa-harvemmin-yhteytta-lapsiinsa-ja-vanhempiinsa-6.42.10454.5bd3cd6af4\" target=\"_blank\" rel=\"noopener\">Suuret ik\u00e4luokat pit\u00e4v\u00e4t aiempaa harvemmin yhteytt\u00e4 lapsiinsa ja vanhempiinsa<\/a> (P\u00e4iv\u00e4mies, 29.5.2021, Toimitus)<\/p>\n<p class=\"overflow-hidden article-title-40 mx-16 mb-8 last:mb-0 article--m-headline\"><a href=\"https:\/\/www.hs.fi\/kotimaa\/art-2000008001227.html?fbclid=IwAR1AAE0iDmIIffEvozgcBr8MG-nglgNsAi9f6qlBUC-03yqYTh_eLy4NDos\" target=\"_blank\" rel=\"noopener\">Suuret ik\u00e4luokat pit\u00e4v\u00e4t aiempaa v\u00e4hemm\u00e4n yhteytt\u00e4 aikuisiin lapsiinsa<\/a> (Helsingin sanomat, 26.5.2021)<\/p>\n<p class=\"Styles__Title-xeliad-20 glIGHw\"><a href=\"https:\/\/demokraatti.fi\/1945-1950-syntyneet-suuret-ikaluokat-pitavat-aiempaa-harvemmin-yhteytta-lapsiinsa-ja-vanhempiinsa?fbclid=IwAR1uytMwY2KevHj4KJVHrx-ZOx47xZ3BwhmAHvI_ZS3uArBB79m1BTl-SDA\" target=\"_blank\" rel=\"noopener\">1945\u20131950 syntyneet suuret ik\u00e4luokat pit\u00e4v\u00e4t aiempaa harvemmin yhteytt\u00e4 lapsiinsa ja vanhempiinsa<\/a> (Demokraatti, 26.5.2021)<\/p>\n<p><a href=\"https:\/\/yle.fi\/uutiset\/3-11918264\" target=\"_blank\" rel=\"noopener\">Yh\u00e4 useampi isovanhempi kokee lastenlastensa hoitamisen velvollisuudekseen<\/a> (YLE, 9.5.2021)<\/p>\n<p><a href=\"https:\/\/www.hs.fi\/suomi\/art-2000007802530.html\" target=\"_blank\" rel=\"noopener\">Suomalaiset iso\u00advanhemmat ovat aktiivisesti mukana lasten\u00adlastensa el\u00e4m\u00e4ss\u00e4<\/a> (Helsingin sanomat, 14.2.2021)<\/p>\n<p class=\"overflow-hidden article-title-40 mx-16 mb-8 last:mb-0 article--m-headline\"><a href=\"https:\/\/users.utu.fi\/hamham\/wp-content\/uploads\/sites\/1036\/2020\/11\/Patina_5_2020.png\" target=\"_blank\" rel=\"noopener noreferrer\">Harva on valmis ottamaan hoivavastuuta vanhemmistaan<\/a> (Patina 5\/2020)<\/p>\n<p><a href=\"https:\/\/www.suomenmaa.fi\/uutiset\/kirja-koronakevat-saattoi-muuttaa-auttamisen-suuntaa-normaalioloissa-auttaminen-suuntautuu-enemman-vanhemmilta-sukupolvilta-nuoremmille\/?fbclid=IwAR2W-67glwFghE3mBTe1mhy3HLXmhinfRS1ZNJ2M7Z8AuSgE4WUGB54I4mI\" target=\"_blank\" rel=\"noopener noreferrer\">Koronakev\u00e4t saattoi muuttaa auttamisen suuntaa \u2013 normaalioloissa auttaminen suuntautuu enemm\u00e4n vanhemmilta sukupolvilta nuoremmille<\/a> (Suomenmaa, 8.8.2020)<\/p>\n<p><a href=\"https:\/\/aikamerkki.org\/suomalainen-on-altis-auttamaan\/\" target=\"_blank\" rel=\"noopener noreferrer\">Suomalainen on altis auttamaan<\/a> (Aikamerkki, 5\/2020)<\/p>\n<p><a href=\"https:\/\/www.menaiset.fi\/artikkeli\/ihmiset-ja-ilmiot\/tyo-ja-raha\/nain-vanhemmat-tukevat-aikuisia-lapsiaan-taloudellisesti\" target=\"_blank\" rel=\"noopener noreferrer\">Mamma betalar<\/a> (Me Naiset, 15\/2020)<\/p>\n<p><a href=\"https:\/\/www.kaksplus.fi\/yleinen\/aidinaiti-on-lapsiperheelle-kaikkein-tarkein-tuki-isa-ei-koskaan-voi-olla-taysin-varma\/\" target=\"_blank\" rel=\"noopener noreferrer\">\u00c4idin\u00e4iti on lapsiperheelle kaikkein t\u00e4rkein tuki \u2013 \u201dIs\u00e4 ei koskaan voi olla t\u00e4ysin varma\u201d\u00a0<\/a>(Kaksplus, 8.4.2020)<\/p>\n<p><a href=\"https:\/\/www.kaksplus.fi\/perhe\/vanhemmuus\/havettaako-pyytaa-taas-isovanhempia-lastenhoitoon-se-on-turhaa-2020-luvun-mummot-ja-papat-haluavat-auttaa\/\" target=\"_blank\" rel=\"noopener noreferrer\">&#8220;H\u00e4vett\u00e4\u00e4k\u00f6 pyyt\u00e4\u00e4 taas isovanhempia lastenhoitoon? Se on turhaa: 2020-luvun mummot ja papat haluavat auttaa&#8221;<\/a> (Kaksplus, 30.1.2020)<\/p>\n<p><a href=\"https:\/\/users.utu.fi\/hamham\/wp-content\/uploads\/sites\/1036\/2019\/12\/KainuunSanomat_iv.pdf\" target=\"_blank\" rel=\"noopener noreferrer\">&#8220;Isovanhemmilla iso rooli lastenlasten hoidossa&#8221;<\/a> (Kainuun Sanomat, 16.12.2019)<\/p>\n<p><a href=\"https:\/\/kouvolansanomat.fi\/uutiset\/talous\/ccc41c84-0a76-4239-a284-01b6b7b00233\" target=\"_blank\" rel=\"noopener noreferrer\">\u201dKun on lapsia tehnyt, heist\u00e4 huolehditaan loppuun saakka\u201d<\/a> (Kouvolan Sanomat,\u00a0 8.10.2019)<\/p>\n<p><a href=\"https:\/\/users.utu.fi\/hamham\/wp-content\/uploads\/sites\/1036\/2019\/10\/lehtijuttu.pdf\" target=\"_blank\" rel=\"noopener noreferrer\">Tutkija: Aikuisia lapsia autetaan ilman suoranaista tarvetta<\/a> (Keskisuomalainen, 7.10.2019)<\/p>\n<p><a href=\"https:\/\/skr.fi\/tammenlastuja-lehdet\/Tammenlastuja_2_2019\/?fbclid=IwAR35OXhf6MnPpi5MOJ52B3tZHHJcxr-8VyMsOhNnKbtsAXvN4tjJ8od6pFI#p=11\" target=\"_blank\" rel=\"noopener noreferrer\">Auttaminen on pyyteet\u00f6nt\u00e4<\/a> (Tammenlastuja, Antti Kivim\u00e4ki)<\/p>\n<p><a href=\"http:\/\/www.kaupunkilehti.fi\/moni-vanhempi-antaa-rahaa-aikuisille-lapsilleen\/\" target=\"_blank\" rel=\"noopener noreferrer\">Moni vanhempi antaa rahaa aikuisille lapsilleen<\/a> (Kuopion kaupunkilehti, 11.8.2017)<\/p>\n<p><a href=\"https:\/\/users.utu.fi\/hamham\/wp-content\/uploads\/sites\/1036\/2017\/04\/HU.haastattelu.png\" target=\"_blank\" rel=\"noopener noreferrer\">Vanhemmat tukevat aikuisia lapsiaan\u00a0<\/a> (Helsingin Uutiset, 1.4.2017, my\u00f6s: <a href=\"http:\/\/www.lehtiluukku.fi\/lehti\/vantaan-sanomat-lansi\/_read\/1.4.2017\/143967.html\" target=\"_blank\" rel=\"noopener noreferrer\">Vantaan Sanomat<\/a>, <a href=\"http:\/\/lehtiluukku.fi\/lehti\/lansivayla\/_read\/1.4.2017\/143963.html\" target=\"_blank\" rel=\"noopener noreferrer\">L\u00e4nsiv\u00e4yl\u00e4<\/a>)<\/p>\n<p><a href=\"http:\/\/www.helsinginuutiset.fi\/artikkeli\/501690-aikuisia-lapsia-autetaan-enemman-kuin-omia-vanhempia-muutama-tonni-kriiseihin-tai\" target=\"_blank\" rel=\"noopener noreferrer\">Aikuisia lapsia autetaan enemm\u00e4n kuin omia vanhempia &#8211; &#8220;Muutama tonni kriiseihin tai uusi pesukone&#8221;<\/a> (Helsingin Uutiset, my\u00f6s: <a href=\"http:\/\/www.uusimaa.fi\/artikkeli\/503075-tohtorivaitos-vanhemmat-tukevat-aikuisia-lapsiaan-harvoin-toisinpain\" target=\"_blank\" rel=\"noopener noreferrer\">Uusimaa<\/a>, 28.3.2017)<\/p>\n<p><a href=\"https:\/\/svenska.yle.fi\/artikel\/2017\/03\/18\/den-aldrande-foraldern-ska-klara-sig-sjalv-medan-det-vuxna-barnet-far-hjalp\" target=\"_blank\" rel=\"noopener noreferrer\">Den \u00e5ldrande f\u00f6r\u00e4ldern ska klara sig sj\u00e4lv medan det vuxna barnet f\u00e5r hj\u00e4lp. <\/a>(Yle,\u00a0 18.3.2017)<\/p>\n<p>Omia aikuisia lapsia tuetaan enemm\u00e4n kuin i\u00e4kk\u00e4it\u00e4 vanhempia, kertoo v\u00e4it\u00f6s (STT, <a href=\"http:\/\/www.savonsanomat.fi\/kotimaa\/Omia-aikuisia-lapsia-tuetaan-enemm%C3%A4n-kuin-i%C3%A4kk%C3%A4it%C3%A4-vanhempia-kertoo-v%C3%A4it%C3%B6s\/950413\" target=\"_blank\" rel=\"noopener noreferrer\">Savon Sanomat<\/a>, <a href=\"http:\/\/www.ksml.fi\/kotimaa\/V%C3%A4it%C3%B6s-Omia-aikuisia-lapsia-tuetaan-enemm%C3%A4n-kuin-i%C3%A4kk%C3%A4it%C3%A4-vanhempia\/950393\" target=\"_blank\" rel=\"noopener noreferrer\">Keskisuomalainen<\/a>, <a href=\"http:\/\/www.satakunnankansa.fi\/kotimaa\/vaitos-omia-aikuisia-lapsia-tuetaan-enemman-kuin-iakkaita-vanhempia-14108065\/\" target=\"_blank\" rel=\"noopener noreferrer\">Satakunnan kansa<\/a>, <a href=\"https:\/\/ls24.fi\/stt\/vaitos-omia-aikuisia-lapsia-tuetaan-enemman-kuin-iakkaita-vanhempia\" target=\"_blank\" rel=\"noopener noreferrer\">L\u00e4nsi-Suomi<\/a>, <a href=\"http:\/\/www.mtv.fi\/uutiset\/kotimaa\/artikkeli\/vaitos-omia-aikuisia-lapsia-tuetaan-enemman-kuin-iakkaita-vanhempia\/6354652\" target=\"_blank\" rel=\"noopener noreferrer\">MTV3.fi<\/a>, Lapin Kansa, Pohjolan sanomat, H\u00e4meen sanomat 18.3.2017)<\/p>\n<p><a href=\"http:\/\/www.aamulehti.fi\/kotimaa\/vaitos-ihmiset-auttavat-mieluummin-omia-aikuisia-lapsiaan-kuin-iakkaita-vanhempiaan-24344825\/\" target=\"_blank\" rel=\"noopener noreferrer\">Ihmiset auttavat mieluummin omia aikuisia lapsiaan kuin i\u00e4kk\u00e4it\u00e4 vanhempiaan<\/a>. (Aamulehti 16.3.2017)<\/p>\n<p><a href=\"http:\/\/www.paivanlehti.fi\/aikuisen-lapsen-taloutta-tuetaan-helpommin-kuin-iakkaita-vanhempia\/\" target=\"_blank\" rel=\"noopener noreferrer\">Aikuisen lapsen taloutta tuetaan helpommin kuin i\u00e4kk\u00e4it\u00e4 vanhempia<\/a>. (P\u00e4iv\u00e4nlehti 16.3.2017)<\/p>\n<p><a href=\"http:\/\/www.hs.fi\/kotimaa\/a1442717785944\" target=\"_blank\" rel=\"noopener noreferrer\">Suuret ik\u00e4luokat auttavat mieluummin lapsiaan kuin vanhempiaan<\/a> (HS, 21.9.2015)<\/p>\n<p><a href=\"http:\/\/www.hs.fi\/paivanlehti\/21092015\/a1442717791378\" target=\"_blank\" rel=\"noopener noreferrer\">Kahden hoivan v\u00e4liss\u00e4 voi tulla huono omatunto<\/a> (HS, 21.9.2015)<\/p>\n<p><a href=\"http:\/\/www.etlehti.fi\/artikkeli\/rahat\/oma_talous\/lapset_vai_vanhemmat_keita_suuret_ikaluokat_auttavat\">Lapset vai vanhemmat &#8211; keit\u00e4 suuret ik\u00e4luokat auttavat?<\/a>\u00a0 (ET-lehti, 18.8.2015)<\/p>\n<p><a href=\"https:\/\/users.utu.fi\/hamham\/wp-content\/uploads\/sites\/1036\/2014\/09\/karjalainen_juttu.pdf\">Mummojen antama apu j\u00e4\u00e4 piiloon<\/a> (Karjalainen, 18.9.2014)<\/p>\n<p><a href=\"http:\/\/www.hs.fi\/kotimaa\/Kuusikymppiset+auttavat+sek%C3%A4+lapsiaan+ett%C3%A4+vanhempiaan\/a1409806966412\" target=\"_blank\" rel=\"noopener noreferrer\">Kuusikymppiset auttavat sek\u00e4 lapsiaan ett\u00e4 vanhempiaan<\/a> (Helsingin sanomat, 5.9.2014)<\/p>\n<p><a href=\"http:\/\/www.osj.fi\/datafiles\/userfiles\/File\/Lehti\/P%C3%A4%C3%A4kirjoitukset\/VEO1405_03_paakirjoitus.pdf\" target=\"_blank\" rel=\"noopener noreferrer\">Syytt\u00e4 syyllistetyt<\/a> (Senioriopettaja-lehti, 5\/2014)<\/p>\n<p><a href=\"http:\/\/www.osj.fi\/datafiles\/userfiles\/File\/Lehti\/P%C3%A4%C3%A4kirjoitukset\/VEO1405_03_paakirjoitus.pdf\" target=\"_blank\" rel=\"noopener noreferrer\">Or\u00e4ttvist anklagade<\/a> (Senioriopettaja-lehti, 5\/2014)<\/p>\n<p><a href=\"http:\/\/www.helsinkitimes.fi\/finland\/finland-news\/domestic\/8435-women-of-the-baby-boom-generation-cherish-their-family-relations-2.html\">Women of the baby boom generation cherish their family relations<\/a> (Helsinki Times, 21.11.2013)<\/p>\n<p>Entist\u00e4 useampi isovanhempi hoitaa lapsenlapsiaan (STT, 29.10.2013)<\/p>\n<p>Suurten ik\u00e4luokkien naiset pit\u00e4v\u00e4t huolen sukulaissuhteista (STT, 29.10.2013)<\/p>\n<p><a href=\"http:\/\/www.valli.fi\/fileadmin\/user_upload\/Julkaisut__pdf\/Uudet_Tuulet_pdf\/VHUT_6-2010.pdf\" target=\"_blank\" rel=\"noopener noreferrer\">\u00c4idin\u00e4iti vai is\u00e4n\u00e4iti<\/a> (Vanhusten huollon uudet tuulet 6\/2010)<\/p>\n<p><a href=\"http:\/\/www.ilkka.fi\/mielipide\/kolumnit\/lastenhoitoa-ja-evoluutiota-1.810605\" target=\"_blank\" rel=\"noopener noreferrer\">Lastenhoitoa ja evoluutiota<\/a>. (Ilkka, 15.9.2009)<\/p>\n","protected":false},"excerpt":{"rendered":"<p>Selected media coverage of my research Killinki\u00e4 kullannupulle (Maaseudun tulevaisuus, 16.4.2025) When Elder Care Is All in the Stepfamily (New York Times, 3.8.2024) Rise of stepfamilies in the US and its impact on eldercare (The Strait Times, 13.8.2024) When Elder Care Is All in the Stepfamily (The Buffalo News, 6.8.2024) Ristiriitaiset rooliodotukset vieraannuttavat aikuisiakin vanhemmistaan [&hellip;]<\/p>\n","protected":false},"author":5272,"featured_media":0,"parent":0,"menu_order":0,"comment_status":"closed","ping_status":"closed","template":"","meta":{"_monsterinsights_skip_tracking":false,"_monsterinsights_sitenote_active":false,"_monsterinsights_sitenote_note":"","_monsterinsights_sitenote_category":0,"footnotes":""},"class_list":["post-1170","page","type-page","status-publish","hentry","post-preview"],"_links":{"self":[{"href":"https:\/\/users.utu.fi\/hamham\/wp-json\/wp\/v2\/pages\/1170","targetHints":{"allow":["GET"]}}],"collection":[{"href":"https:\/\/users.utu.fi\/hamham\/wp-json\/wp\/v2\/pages"}],"about":[{"href":"https:\/\/users.utu.fi\/hamham\/wp-json\/wp\/v2\/types\/page"}],"author":[{"embeddable":true,"href":"https:\/\/users.utu.fi\/hamham\/wp-json\/wp\/v2\/users\/5272"}],"replies":[{"embeddable":true,"href":"https:\/\/users.utu.fi\/hamham\/wp-json\/wp\/v2\/comments?post=1170"}],"version-history":[{"count":7,"href":"https:\/\/users.utu.fi\/hamham\/wp-json\/wp\/v2\/pages\/1170\/revisions"}],"predecessor-version":[{"id":1197,"href":"https:\/\/users.utu.fi\/hamham\/wp-json\/wp\/v2\/pages\/1170\/revisions\/1197"}],"wp:attachment":[{"href":"https:\/\/users.utu.fi\/hamham\/wp-json\/wp\/v2\/media?parent=1170"}],"curies":[{"name":"wp","href":"https:\/\/api.w.org\/{rel}","templated":true}]}}