{"id":37,"date":"2025-03-21T11:33:15","date_gmt":"2025-03-21T09:33:15","guid":{"rendered":"https:\/\/users.utu.fi\/hemara\/?page_id=37"},"modified":"2025-11-14T12:48:24","modified_gmt":"2025-11-14T10:48:24","slug":"kirjat","status":"publish","type":"page","link":"https:\/\/users.utu.fi\/hemara\/kirjat\/","title":{"rendered":"Kirjat"},"content":{"rendered":"<p>Viimeisin teos <em>Kirjojen kaipuu. Kirjakulttuuria 1800-luvun alun Suomessa<\/em> (Gaudeamus 2024) on yhteismonografia, jonka olen kirjoittanut Jukka Sarjalan, Janne Tunturin, Ulla Ij\u00e4ksen ja Heidi Hakkaraisen kanssa.<\/p>\n<p>Kirjan esittely kustantajan sivuilla:\u00a0<a href=\"https:\/\/www.gaudeamus.fi\/teos\/kirjojen-kaipuu\/\">https:\/\/www.gaudeamus.fi\/teos\/kirjojen-kaipuu\/<\/a><\/p>\n<p>Kirjasta sanottua:<\/p>\n<p>\u201dKirjojen kaipuu -teos on useamman tekij\u00e4n historiallinen rakkaudenosoitus kirjallisuudelle.\u201d (Kari Salminen, <em>Suomen Kuvalehti<\/em> 19.6.2024)<\/p>\n<p>\u201dVanhoissa kirjoissa on lumoa \u2013 tuntuu ett\u00e4 jotain siit\u00e4 on tarttunut my\u00f6s t\u00e4h\u00e4n uuteen kirjaan.\u201d (Veli-Matti Huhta, <em>Yliopisto<\/em> 6\/2024)<\/p>\n<p>&#8221;Hullaannuin kirjan lukemiskuvauksista. 1800-luvun alun lukijat olivat intohimoisia, he k\u00e4yttiv\u00e4t vaikeasti saataviin kirjoihin runsaasti sek\u00e4 aikaansa ett\u00e4 rahaansa.&#8221; Runoilija Vilja-Tuulia Huotarinen <em>Parnasson<\/em> haastattelussa.<\/p>\n<p style=\"text-align: center\">***<\/p>\n<p>Tuore toimitettu teos <em>Information Flows across the Baltic Sea. Towards a Computational Approach to Media History<\/em> (Mediahistorisk arkiv 2023), toim. Patrik Lundell, Hannu Salmi, Erik Edoff, Jani Marjanen, Petri Paju ja Heli Rantala. Informationsfl\u00f6den \u00f6ver \u00d6stersj\u00f6n -projektin kokoava julkaisu.<\/p>\n<p>Saatavana avoimesti verkossa:\u00a0<a href=\"https:\/\/mediehistorisktarkiv.se\/bocker\/information-flows-across-the-baltic-sea-towards-a-computational-approach-to-media-history\/\">https:\/\/mediehistorisktarkiv.se\/bocker\/information-flows-across-the-baltic-sea-towards-a-computational-approach-to-media-history\/<\/a><\/p>\n<p style=\"text-align: center\">***<\/p>\n<p>Ensimm\u00e4inen tietokirjani <em>Pikisaaresta Pariisiin. Suomalaismatkaajien kokemuksia 1800-luvun Euroopassa<\/em> (Gaudeamus 2020).<\/p>\n","protected":false},"excerpt":{"rendered":"<p>Viimeisin teos Kirjojen kaipuu. Kirjakulttuuria 1800-luvun alun Suomessa (Gaudeamus 2024) on yhteismonografia, jonka olen kirjoittanut Jukka Sarjalan, Janne Tunturin, Ulla Ij\u00e4ksen ja Heidi Hakkaraisen kanssa. Kirjan esittely kustantajan sivuilla:\u00a0https:\/\/www.gaudeamus.fi\/teos\/kirjojen-kaipuu\/ Kirjasta sanottua: \u201dKirjojen kaipuu -teos on useamman tekij\u00e4n historiallinen rakkaudenosoitus kirjallisuudelle.\u201d (Kari Salminen, Suomen Kuvalehti 19.6.2024) \u201dVanhoissa kirjoissa on lumoa \u2013 tuntuu ett\u00e4 jotain siit\u00e4 on &hellip; <a href=\"https:\/\/users.utu.fi\/hemara\/kirjat\/\" class=\"more-link\">Jatka artikkeliin <span class=\"screen-reader-text\">Kirjat<\/span><\/a><\/p>\n","protected":false},"author":6776,"featured_media":80,"parent":0,"menu_order":0,"comment_status":"closed","ping_status":"closed","template":"","meta":{"footnotes":""},"class_list":["post-37","page","type-page","status-publish","has-post-thumbnail","hentry"],"_links":{"self":[{"href":"https:\/\/users.utu.fi\/hemara\/wp-json\/wp\/v2\/pages\/37","targetHints":{"allow":["GET"]}}],"collection":[{"href":"https:\/\/users.utu.fi\/hemara\/wp-json\/wp\/v2\/pages"}],"about":[{"href":"https:\/\/users.utu.fi\/hemara\/wp-json\/wp\/v2\/types\/page"}],"author":[{"embeddable":true,"href":"https:\/\/users.utu.fi\/hemara\/wp-json\/wp\/v2\/users\/6776"}],"replies":[{"embeddable":true,"href":"https:\/\/users.utu.fi\/hemara\/wp-json\/wp\/v2\/comments?post=37"}],"version-history":[{"count":7,"href":"https:\/\/users.utu.fi\/hemara\/wp-json\/wp\/v2\/pages\/37\/revisions"}],"predecessor-version":[{"id":97,"href":"https:\/\/users.utu.fi\/hemara\/wp-json\/wp\/v2\/pages\/37\/revisions\/97"}],"wp:featuredmedia":[{"embeddable":true,"href":"https:\/\/users.utu.fi\/hemara\/wp-json\/wp\/v2\/media\/80"}],"wp:attachment":[{"href":"https:\/\/users.utu.fi\/hemara\/wp-json\/wp\/v2\/media?parent=37"}],"curies":[{"name":"wp","href":"https:\/\/api.w.org\/{rel}","templated":true}]}}