{"id":61,"date":"2025-03-21T14:49:49","date_gmt":"2025-03-21T12:49:49","guid":{"rendered":"https:\/\/users.utu.fi\/hemara\/?page_id=61"},"modified":"2026-03-24T15:02:52","modified_gmt":"2026-03-24T13:02:52","slug":"opetus","status":"publish","type":"page","link":"https:\/\/users.utu.fi\/hemara\/opetus\/","title":{"rendered":"Opetus"},"content":{"rendered":"<p>Pedagoginen koulutus: yliopistopedagogiikan perusopinnot (25 op)<\/p>\n<p>Olen opettanut erityisesti kulttuurihistorian oppiaineessa osana erilaisia luentokursseja sek\u00e4 maisterivaiheen opintojen teemaryhm\u00e4n vet\u00e4j\u00e4n\u00e4, jossa olen osallistunut gradujen ohjausty\u00f6h\u00f6n. Modernin aikakaudenhistorian teemaryhm\u00e4\u00e4 olen vet\u00e4nyt ensin Heidi Hakkaraisen ja my\u00f6hemmin Petri Pajun kanssa vuosina 2017-2024. Olen ollut mukana suunnittelemassa ja organisoimassa useampia luentokursseja historia-aineissa. T\u00e4llaisia kursseja ovat olleet esimerkiksi \u201dRomantiikan aikakausi Euroopassa\u201d (2018) sek\u00e4 \u201dSivistys ja sivilisaatio\u201d (2012).<\/p>\n<p>Kulttuurihistorian oppiaineessa olen my\u00f6s vet\u00e4nyt 1800- ja 1900-lukujen tutkimuksen tutkimusryhm\u00e4\u00e4 yhdess\u00e4 dos. Jukka Sarjalan kanssa lukuvuonna 2017 sek\u00e4 dos. Petri Pajun kanssa kev\u00e4tlukukaudella 2024.<\/p>\n<p>Vuosina 2012-2017 toimin tuntiopettajana Turun yliopiston humanistisen tiedekunnan englanninkielisess\u00e4 Baltic Sea Region Studies -ohjelmassa, jossa vastasin useamman maisterivaiheen opetusmoduulin suunnittelusta ja toteutuksesta. Toimin my\u00f6s ohjelman johtoryhm\u00e4ss\u00e4.<\/p>\n<p>Valikoima viimeaikaisia luentoja perustutkinto-opiskelijoille suunnatuilla luentokursseilla Turun yliopistossa:<\/p>\n<p>Luento \u201dSivulauseita ja anekdootteja \u2013 akateemisen historian muistamisesta ja unohtamisesta\u201d kulttuurihistorian syvent\u00e4vien opintojen <em>Kulttuurihistorian nykyp\u00e4iv\u00e4<\/em> -kurssilla, 14.2.2025.<\/p>\n<p>Luento \u201dYlirajainen nationalismi 1800-luvulla\u201d poliittisen historian organisoimalla kurssilla <em>Valta, turvallisuus, identiteetti ja historiapolitiikka It\u00e4meren alueella<\/em>, 9.2.2024.<\/p>\n<p>Luento \u201dRooma vieraan silmin \u2013 1800-luvun pohjoismaisia matkaajia Roomassa\u201d kulttuurihistorian <em>Rooma<\/em>-kurssilla, 20.4.2022.<\/p>\n<p>Osallistuminen <em>Kulttuurihistorian historia ja nykytutkimus<\/em> -kurssin paneeliin \u201dKulttuurihistorian moninaiset juuret\u201d yhdess\u00e4 professori emeritus Keijo Virtasen ja professori Marjo Kaartisen kanssa, 10.1.2022.<\/p>\n<p>Luento \u201d1700- ja 1800-luvun vaihteen eurooppalaisia matkap\u00e4iv\u00e4kirjoja\u201d kulttuurihistorian oppiaineen organisoimalla <em>El\u00e4m\u00e4 ja kerronta <\/em>-kurssilla 6.4.2021.<\/p>\n","protected":false},"excerpt":{"rendered":"<p>Pedagoginen koulutus: yliopistopedagogiikan perusopinnot (25 op) Olen opettanut erityisesti kulttuurihistorian oppiaineessa osana erilaisia luentokursseja sek\u00e4 maisterivaiheen opintojen teemaryhm\u00e4n vet\u00e4j\u00e4n\u00e4, jossa olen osallistunut gradujen ohjausty\u00f6h\u00f6n. Modernin aikakaudenhistorian teemaryhm\u00e4\u00e4 olen vet\u00e4nyt ensin Heidi Hakkaraisen ja my\u00f6hemmin Petri Pajun kanssa vuosina 2017-2024. Olen ollut mukana suunnittelemassa ja organisoimassa useampia luentokursseja historia-aineissa. T\u00e4llaisia kursseja ovat olleet esimerkiksi \u201dRomantiikan aikakausi &hellip; <a href=\"https:\/\/users.utu.fi\/hemara\/opetus\/\" class=\"more-link\">Jatka artikkeliin <span class=\"screen-reader-text\">Opetus<\/span><\/a><\/p>\n","protected":false},"author":6776,"featured_media":0,"parent":0,"menu_order":0,"comment_status":"closed","ping_status":"closed","template":"","meta":{"footnotes":""},"class_list":["post-61","page","type-page","status-publish","hentry"],"_links":{"self":[{"href":"https:\/\/users.utu.fi\/hemara\/wp-json\/wp\/v2\/pages\/61","targetHints":{"allow":["GET"]}}],"collection":[{"href":"https:\/\/users.utu.fi\/hemara\/wp-json\/wp\/v2\/pages"}],"about":[{"href":"https:\/\/users.utu.fi\/hemara\/wp-json\/wp\/v2\/types\/page"}],"author":[{"embeddable":true,"href":"https:\/\/users.utu.fi\/hemara\/wp-json\/wp\/v2\/users\/6776"}],"replies":[{"embeddable":true,"href":"https:\/\/users.utu.fi\/hemara\/wp-json\/wp\/v2\/comments?post=61"}],"version-history":[{"count":3,"href":"https:\/\/users.utu.fi\/hemara\/wp-json\/wp\/v2\/pages\/61\/revisions"}],"predecessor-version":[{"id":101,"href":"https:\/\/users.utu.fi\/hemara\/wp-json\/wp\/v2\/pages\/61\/revisions\/101"}],"wp:attachment":[{"href":"https:\/\/users.utu.fi\/hemara\/wp-json\/wp\/v2\/media?parent=61"}],"curies":[{"name":"wp","href":"https:\/\/api.w.org\/{rel}","templated":true}]}}