{"id":21,"date":"2018-10-15T07:14:46","date_gmt":"2018-10-15T07:14:46","guid":{"rendered":"http:\/\/users.utu.fi\/jaatei\/?page_id=21"},"modified":"2018-10-15T07:14:46","modified_gmt":"2018-10-15T07:14:46","slug":"eka-sisalto","status":"publish","type":"page","link":"https:\/\/users.utu.fi\/jaatei\/eka-sisalto\/","title":{"rendered":"eka sis\u00e4lt\u00f6"},"content":{"rendered":"<p>mit\u00e4 tahansa vois olla t\u00e4ss\u00e4, eiks vaan<\/p>\n","protected":false},"excerpt":{"rendered":"<p>mit\u00e4 tahansa vois olla t\u00e4ss\u00e4, eiks vaan<\/p>\n","protected":false},"author":3113,"featured_media":0,"parent":0,"menu_order":0,"comment_status":"closed","ping_status":"closed","template":"","meta":{"footnotes":""},"class_list":["post-21","page","type-page","status-publish","hentry"],"_links":{"self":[{"href":"https:\/\/users.utu.fi\/jaatei\/wp-json\/wp\/v2\/pages\/21","targetHints":{"allow":["GET"]}}],"collection":[{"href":"https:\/\/users.utu.fi\/jaatei\/wp-json\/wp\/v2\/pages"}],"about":[{"href":"https:\/\/users.utu.fi\/jaatei\/wp-json\/wp\/v2\/types\/page"}],"author":[{"embeddable":true,"href":"https:\/\/users.utu.fi\/jaatei\/wp-json\/wp\/v2\/users\/3113"}],"replies":[{"embeddable":true,"href":"https:\/\/users.utu.fi\/jaatei\/wp-json\/wp\/v2\/comments?post=21"}],"version-history":[{"count":2,"href":"https:\/\/users.utu.fi\/jaatei\/wp-json\/wp\/v2\/pages\/21\/revisions"}],"predecessor-version":[{"id":27,"href":"https:\/\/users.utu.fi\/jaatei\/wp-json\/wp\/v2\/pages\/21\/revisions\/27"}],"wp:attachment":[{"href":"https:\/\/users.utu.fi\/jaatei\/wp-json\/wp\/v2\/media?parent=21"}],"curies":[{"name":"wp","href":"https:\/\/api.w.org\/{rel}","templated":true}]}}