{"id":28,"date":"2018-09-17T07:53:41","date_gmt":"2018-09-17T07:53:41","guid":{"rendered":"http:\/\/users.utu.fi\/kirlai\/?page_id=28"},"modified":"2018-09-17T07:53:41","modified_gmt":"2018-09-17T07:53:41","slug":"paasivu","status":"publish","type":"page","link":"https:\/\/users.utu.fi\/kirlai\/paasivu\/","title":{"rendered":"P\u00e4\u00e4sivu"},"content":{"rendered":"<h2>Ensimm\u00e4inen sivu tulollaan<\/h2>\n<p>Miten t\u00e4st\u00e4 selvit\u00e4\u00e4n<\/p>\n","protected":false},"excerpt":{"rendered":"<p>Ensimm\u00e4inen sivu tulollaan Miten t\u00e4st\u00e4 selvit\u00e4\u00e4n<\/p>\n","protected":false},"author":2918,"featured_media":0,"parent":0,"menu_order":0,"comment_status":"closed","ping_status":"closed","template":"","meta":{"footnotes":""},"class_list":["post-28","page","type-page","status-publish","hentry","column","twocol"],"_links":{"self":[{"href":"https:\/\/users.utu.fi\/kirlai\/wp-json\/wp\/v2\/pages\/28","targetHints":{"allow":["GET"]}}],"collection":[{"href":"https:\/\/users.utu.fi\/kirlai\/wp-json\/wp\/v2\/pages"}],"about":[{"href":"https:\/\/users.utu.fi\/kirlai\/wp-json\/wp\/v2\/types\/page"}],"author":[{"embeddable":true,"href":"https:\/\/users.utu.fi\/kirlai\/wp-json\/wp\/v2\/users\/2918"}],"replies":[{"embeddable":true,"href":"https:\/\/users.utu.fi\/kirlai\/wp-json\/wp\/v2\/comments?post=28"}],"version-history":[{"count":2,"href":"https:\/\/users.utu.fi\/kirlai\/wp-json\/wp\/v2\/pages\/28\/revisions"}],"predecessor-version":[{"id":65,"href":"https:\/\/users.utu.fi\/kirlai\/wp-json\/wp\/v2\/pages\/28\/revisions\/65"}],"wp:attachment":[{"href":"https:\/\/users.utu.fi\/kirlai\/wp-json\/wp\/v2\/media?parent=28"}],"curies":[{"name":"wp","href":"https:\/\/api.w.org\/{rel}","templated":true}]}}