{"id":432,"date":"2021-03-23T13:27:33","date_gmt":"2021-03-23T13:27:33","guid":{"rendered":"http:\/\/users.utu.fi\/majlaan\/?page_id=432"},"modified":"2021-03-24T09:51:03","modified_gmt":"2021-03-24T09:51:03","slug":"yhdistyksen-hallitus","status":"publish","type":"page","link":"https:\/\/users.utu.fi\/majlaan\/yhdistyksen-hallitus\/","title":{"rendered":"Yhdistyksen hallitus"},"content":{"rendered":"<p>Yhdistyksen hallituksen muodostaa kuusi kolmeksi vuodeksi valittua j\u00e4sent\u00e4, jotka valitaan vuosikokouksessa. Varaj\u00e4seni\u00e4 on kolme.<\/p>\n<p>Hallitus toimikaudella 2018-2021<\/p>\n<p>Turun yliopiston edustajat:<br \/>\nPekka R\u00e4s\u00e4nen<br \/>\nIrene Prix<br \/>\nHeikki Ervasti (varalla)<\/p>\n<p>\u00c5bo Akademin edustajat:<br \/>\nMarko Joas<br \/>\nMika Helander<br \/>\nMikko Lagerspetz (varalla)<\/p>\n<p>Muut hallituksen j\u00e4senet:<br \/>\nSampo Ruoppila<br \/>\nTimo Toivonen (pj.)<br \/>\nElias Oikarinen (varalla)<\/p>\n","protected":false},"excerpt":{"rendered":"<p>Yhdistyksen hallituksen muodostaa kuusi kolmeksi vuodeksi valittua j\u00e4sent\u00e4, jotka valitaan vuosikokouksessa. Varaj\u00e4seni\u00e4 on kolme. Hallitus toimikaudella 2018-2021 Turun yliopiston edustajat: Pekka R\u00e4s\u00e4nen Irene Prix Heikki Ervasti (varalla) \u00c5bo Akademin edustajat: Marko Joas Mika Helander Mikko Lagerspetz (varalla) Muut hallituksen j\u00e4senet: Sampo Ruoppila Timo Toivonen (pj.) Elias Oikarinen (varalla)<\/p>\n","protected":false},"author":1730,"featured_media":0,"parent":0,"menu_order":0,"comment_status":"closed","ping_status":"closed","template":"","meta":{"site-sidebar-layout":"default","site-content-layout":"default","ast-site-content-layout":"default","site-content-style":"default","site-sidebar-style":"default","ast-global-header-display":"","ast-banner-title-visibility":"","ast-main-header-display":"","ast-hfb-above-header-display":"","ast-hfb-below-header-display":"","ast-hfb-mobile-header-display":"","site-post-title":"","ast-breadcrumbs-content":"","ast-featured-img":"","footer-sml-layout":"","ast-disable-related-posts":"","theme-transparent-header-meta":"default","adv-header-id-meta":"","stick-header-meta":"","header-above-stick-meta":"","header-main-stick-meta":"","header-below-stick-meta":"","astra-migrate-meta-layouts":"default","ast-page-background-enabled":"default","ast-page-background-meta":{"desktop":{"background-color":"","background-image":"","background-repeat":"repeat","background-position":"center center","background-size":"auto","background-attachment":"scroll","background-type":"","background-media":"","overlay-type":"","overlay-color":"","overlay-opacity":"","overlay-gradient":""},"tablet":{"background-color":"","background-image":"","background-repeat":"repeat","background-position":"center center","background-size":"auto","background-attachment":"scroll","background-type":"","background-media":"","overlay-type":"","overlay-color":"","overlay-opacity":"","overlay-gradient":""},"mobile":{"background-color":"","background-image":"","background-repeat":"repeat","background-position":"center center","background-size":"auto","background-attachment":"scroll","background-type":"","background-media":"","overlay-type":"","overlay-color":"","overlay-opacity":"","overlay-gradient":""}},"ast-content-background-meta":{"desktop":{"background-color":"var(--ast-global-color-5)","background-image":"","background-repeat":"repeat","background-position":"center center","background-size":"auto","background-attachment":"scroll","background-type":"","background-media":"","overlay-type":"","overlay-color":"","overlay-opacity":"","overlay-gradient":""},"tablet":{"background-color":"var(--ast-global-color-5)","background-image":"","background-repeat":"repeat","background-position":"center center","background-size":"auto","background-attachment":"scroll","background-type":"","background-media":"","overlay-type":"","overlay-color":"","overlay-opacity":"","overlay-gradient":""},"mobile":{"background-color":"var(--ast-global-color-5)","background-image":"","background-repeat":"repeat","background-position":"center center","background-size":"auto","background-attachment":"scroll","background-type":"","background-media":"","overlay-type":"","overlay-color":"","overlay-opacity":"","overlay-gradient":""}},"footnotes":""},"class_list":["post-432","page","type-page","status-publish","hentry"],"_links":{"self":[{"href":"https:\/\/users.utu.fi\/majlaan\/wp-json\/wp\/v2\/pages\/432","targetHints":{"allow":["GET"]}}],"collection":[{"href":"https:\/\/users.utu.fi\/majlaan\/wp-json\/wp\/v2\/pages"}],"about":[{"href":"https:\/\/users.utu.fi\/majlaan\/wp-json\/wp\/v2\/types\/page"}],"author":[{"embeddable":true,"href":"https:\/\/users.utu.fi\/majlaan\/wp-json\/wp\/v2\/users\/1730"}],"replies":[{"embeddable":true,"href":"https:\/\/users.utu.fi\/majlaan\/wp-json\/wp\/v2\/comments?post=432"}],"version-history":[{"count":2,"href":"https:\/\/users.utu.fi\/majlaan\/wp-json\/wp\/v2\/pages\/432\/revisions"}],"predecessor-version":[{"id":633,"href":"https:\/\/users.utu.fi\/majlaan\/wp-json\/wp\/v2\/pages\/432\/revisions\/633"}],"wp:attachment":[{"href":"https:\/\/users.utu.fi\/majlaan\/wp-json\/wp\/v2\/media?parent=432"}],"curies":[{"name":"wp","href":"https:\/\/api.w.org\/{rel}","templated":true}]}}