{"id":744,"date":"2021-11-06T02:42:26","date_gmt":"2021-11-06T00:42:26","guid":{"rendered":"https:\/\/users.utu.fi\/pahjor\/?page_id=744"},"modified":"2022-05-30T13:30:28","modified_gmt":"2022-05-30T11:30:28","slug":"paikkatietoanalyysi","status":"publish","type":"page","link":"https:\/\/users.utu.fi\/pahjor\/paikkatietoanalyysi\/","title":{"rendered":"Aarrevalkeatarinoiden ja soiden yhteytt\u00e4 selvitt\u00e4m\u00e4ss\u00e4 &#8211; paikkatietoanalyysi"},"content":{"rendered":"\n<p><\/p>\n\n\n\n<div class=\"wp-block-file\"><a href=\"https:\/\/users.utu.fi\/pahjor\/wp-content\/uploads\/sites\/940\/2021\/11\/Jordman_MAAN6080_Harjoitus5.pdf\">Avaa selaimessa<\/a><a href=\"https:\/\/users.utu.fi\/pahjor\/wp-content\/uploads\/sites\/940\/2021\/11\/Jordman_MAAN6080_Harjoitus5.pdf\" class=\"wp-block-file__button\" download>Lataa pdf<\/a><\/div>\n\n\n\n<p><\/p>\n","protected":false},"excerpt":{"rendered":"","protected":false},"author":4388,"featured_media":0,"parent":0,"menu_order":0,"comment_status":"closed","ping_status":"closed","template":"","meta":{"footnotes":""},"class_list":["post-744","page","type-page","status-publish","hentry"],"_links":{"self":[{"href":"https:\/\/users.utu.fi\/pahjor\/wp-json\/wp\/v2\/pages\/744","targetHints":{"allow":["GET"]}}],"collection":[{"href":"https:\/\/users.utu.fi\/pahjor\/wp-json\/wp\/v2\/pages"}],"about":[{"href":"https:\/\/users.utu.fi\/pahjor\/wp-json\/wp\/v2\/types\/page"}],"author":[{"embeddable":true,"href":"https:\/\/users.utu.fi\/pahjor\/wp-json\/wp\/v2\/users\/4388"}],"replies":[{"embeddable":true,"href":"https:\/\/users.utu.fi\/pahjor\/wp-json\/wp\/v2\/comments?post=744"}],"version-history":[{"count":2,"href":"https:\/\/users.utu.fi\/pahjor\/wp-json\/wp\/v2\/pages\/744\/revisions"}],"predecessor-version":[{"id":786,"href":"https:\/\/users.utu.fi\/pahjor\/wp-json\/wp\/v2\/pages\/744\/revisions\/786"}],"wp:attachment":[{"href":"https:\/\/users.utu.fi\/pahjor\/wp-json\/wp\/v2\/media?parent=744"}],"curies":[{"name":"wp","href":"https:\/\/api.w.org\/{rel}","templated":true}]}}