{"id":2,"date":"2022-05-25T12:22:22","date_gmt":"2022-05-25T09:22:22","guid":{"rendered":"https:\/\/users.utu.fi\/ronhau\/?page_id=2"},"modified":"2022-05-25T17:39:52","modified_gmt":"2022-05-25T14:39:52","slug":"esittely","status":"publish","type":"page","link":"https:\/\/users.utu.fi\/ronhau\/esittely\/","title":{"rendered":"Esittely"},"content":{"rendered":"<p>Nyky\u00e4\u00e4n on oltava kotisivut, se on roomalaista, sanottiin jo ys\u00e4rill\u00e4. Mit\u00e4p\u00e4 sit\u00e4 sitten pienen ihmisen pit\u00e4si sivuilaan pit\u00e4\u00e4? Koska nykyajan digitaalinen mediaymp\u00e4rist\u00f6 on tunnetusti ep\u00e4luotettava, v\u00e4rik\u00e4s ja vihamielinenkin, lienee pienen ihmisen syyt\u00e4 ottaa haltuunsa edes se tila, joka h\u00e4nelle on viran puolesta suotu.<\/p>\n<p>Puuhastelen monenlaisten l\u00e4\u00e4ketieteeseen, turvallisuusjohtamiseen ja oikeustieteeseen liittyvien juttujen parissa. T\u00e4ll\u00e4 sivulla esittelen havaintoja ja pohdintoja asioista ja ilmi\u00f6ist\u00e4, joihin moninaisissa puhaasteluissani t\u00f6rm\u00e4\u00e4n.<\/p>\n<p>K\u00e4sittelen p\u00e4\u00e4asiassa l\u00e4\u00e4ketiedett\u00e4, oikeutta, turvallisuutta ja yhteiskuntaa. N\u00e4kemykset ovat omiani, eiv\u00e4tk\u00e4 edusta yliopiston tai toimeksiantajieni kantaa, ellei toisin ilmoiteta.<\/p>\n","protected":false},"excerpt":{"rendered":"<p>Nyky\u00e4\u00e4n on oltava kotisivut, se on roomalaista, sanottiin jo ys\u00e4rill\u00e4. Mit\u00e4p\u00e4 sit\u00e4 sitten pienen ihmisen pit\u00e4si sivuilaan pit\u00e4\u00e4? Koska nykyajan digitaalinen mediaymp\u00e4rist\u00f6 on tunnetusti ep\u00e4luotettava, v\u00e4rik\u00e4s ja vihamielinenkin, lienee pienen ihmisen syyt\u00e4 ottaa haltuunsa edes se tila, joka h\u00e4nelle on [&hellip;]<\/p>\n","protected":false},"author":6656,"featured_media":0,"parent":0,"menu_order":0,"comment_status":"closed","ping_status":"open","template":"","meta":{"_monsterinsights_skip_tracking":false,"_monsterinsights_sitenote_active":false,"_monsterinsights_sitenote_note":"","_monsterinsights_sitenote_category":0,"footnotes":""},"class_list":["post-2","page","type-page","status-publish","hentry"],"_links":{"self":[{"href":"https:\/\/users.utu.fi\/ronhau\/wp-json\/wp\/v2\/pages\/2","targetHints":{"allow":["GET"]}}],"collection":[{"href":"https:\/\/users.utu.fi\/ronhau\/wp-json\/wp\/v2\/pages"}],"about":[{"href":"https:\/\/users.utu.fi\/ronhau\/wp-json\/wp\/v2\/types\/page"}],"author":[{"embeddable":true,"href":"https:\/\/users.utu.fi\/ronhau\/wp-json\/wp\/v2\/users\/6656"}],"replies":[{"embeddable":true,"href":"https:\/\/users.utu.fi\/ronhau\/wp-json\/wp\/v2\/comments?post=2"}],"version-history":[{"count":4,"href":"https:\/\/users.utu.fi\/ronhau\/wp-json\/wp\/v2\/pages\/2\/revisions"}],"predecessor-version":[{"id":24,"href":"https:\/\/users.utu.fi\/ronhau\/wp-json\/wp\/v2\/pages\/2\/revisions\/24"}],"wp:attachment":[{"href":"https:\/\/users.utu.fi\/ronhau\/wp-json\/wp\/v2\/media?parent=2"}],"curies":[{"name":"wp","href":"https:\/\/api.w.org\/{rel}","templated":true}]}}