{"id":1861,"date":"2025-05-26T17:01:01","date_gmt":"2025-05-26T14:01:01","guid":{"rendered":"https:\/\/users.utu.fi\/simo\/?page_id=1861"},"modified":"2025-05-30T15:35:23","modified_gmt":"2025-05-30T12:35:23","slug":"honzuki","status":"publish","type":"page","link":"https:\/\/users.utu.fi\/simo\/puutelista\/honzuki\/","title":{"rendered":"Honzuki"},"content":{"rendered":"<p>Basho: Alati matkalla<\/p>\n<p>Kenko: Joutilaan mietteit\u00e4<\/p>\n<p>Lompolo, Juhani: Japanin aapinen<\/p>\n<p>Miyazawa Kenji: Y\u00f6 linnunradan junassa<br \/>\nMurata Sayaka: L\u00e4hikaupan nainen<\/p>\n<p>Saiko Ema: Tunteeni eiv\u00e4t ole tuhkaa<\/p>\n<p>Watson, Burton: The Columbia Book of Chinese Poetry<\/p>\n","protected":false},"excerpt":{"rendered":"<p>Basho: Alati matkalla Kenko: Joutilaan mietteit\u00e4 Lompolo, Juhani: Japanin aapinen Miyazawa Kenji: Y\u00f6 linnunradan junassa Murata Sayaka: L\u00e4hikaupan nainen Saiko Ema: Tunteeni eiv\u00e4t ole tuhkaa Watson, Burton: The Columbia Book of Chinese Poetry<\/p>\n","protected":false},"author":34,"featured_media":0,"parent":15,"menu_order":0,"comment_status":"closed","ping_status":"closed","template":"","meta":{"footnotes":""},"class_list":["post-1861","page","type-page","status-publish","hentry"],"_links":{"self":[{"href":"https:\/\/users.utu.fi\/simo\/wp-json\/wp\/v2\/pages\/1861","targetHints":{"allow":["GET"]}}],"collection":[{"href":"https:\/\/users.utu.fi\/simo\/wp-json\/wp\/v2\/pages"}],"about":[{"href":"https:\/\/users.utu.fi\/simo\/wp-json\/wp\/v2\/types\/page"}],"author":[{"embeddable":true,"href":"https:\/\/users.utu.fi\/simo\/wp-json\/wp\/v2\/users\/34"}],"replies":[{"embeddable":true,"href":"https:\/\/users.utu.fi\/simo\/wp-json\/wp\/v2\/comments?post=1861"}],"version-history":[{"count":1,"href":"https:\/\/users.utu.fi\/simo\/wp-json\/wp\/v2\/pages\/1861\/revisions"}],"predecessor-version":[{"id":1863,"href":"https:\/\/users.utu.fi\/simo\/wp-json\/wp\/v2\/pages\/1861\/revisions\/1863"}],"up":[{"embeddable":true,"href":"https:\/\/users.utu.fi\/simo\/wp-json\/wp\/v2\/pages\/15"}],"wp:attachment":[{"href":"https:\/\/users.utu.fi\/simo\/wp-json\/wp\/v2\/media?parent=1861"}],"curies":[{"name":"wp","href":"https:\/\/api.w.org\/{rel}","templated":true}]}}