{"id":204,"date":"2016-09-06T11:30:50","date_gmt":"2016-09-06T11:30:50","guid":{"rendered":"http:\/\/users.utu.fi\/simo\/?page_id=204"},"modified":"2025-05-08T14:57:43","modified_gmt":"2025-05-08T11:57:43","slug":"mangat","status":"publish","type":"page","link":"https:\/\/users.utu.fi\/simo\/puutelista\/sarjakuvat\/mangat\/","title":{"rendered":"Mangat"},"content":{"rendered":"<p><strong>7 kuolemansynti\u00e4<\/strong>: <em>1-13\/13<\/em><br \/>\n<strong>2001 Nights<\/strong>: 1-10\/10<\/p>\n<p><strong>Ajokoira<\/strong>: <em>1\/1<\/em><br \/>\n<strong>Akira<\/strong>: <em>1-12\/12<\/em><br \/>\n<strong>All You Need Is Kill<\/strong>: <em>1-2\/2<\/em><br \/>\n<strong>Another<\/strong>: <em>1-4\/4<\/em><br \/>\n<strong>Aoha Ride<\/strong>: 1-13\/13<br \/>\n<strong>Aoi House<\/strong>: <em>1-4\/4<\/em><br \/>\n<strong>Arki<\/strong>: 1-3\/6+<br \/>\n<strong>Assassination Classroom<\/strong>: 1<br \/>\n<strong>Astra<\/strong>: 1-5<br \/>\n<strong>Astro Boy<\/strong>: 1-2<br \/>\n<strong>A White Rose in Bloom<\/strong>: 1-2<br \/>\n<strong>Azumanga Daioh<\/strong>: <em>1-4\/4<\/em><\/p>\n<p><strong>Basilisk<\/strong>: 1-5\/5<br \/>\n<strong>Battle Club<\/strong>: 1<br \/>\n<strong>Before Chainsaw Man<\/strong>: 17\u201321<br \/>\n<strong>Black Knight<\/strong>: 2<br \/>\n<strong>Bungo Stray Dogs<\/strong>: 1<br \/>\n<strong>Bunny Drop<\/strong>: 1<\/p>\n<p><strong>Case Study of Vanitas<\/strong>: 1<br \/>\n<strong>Cherry Juice<\/strong>: <em>1-4\/4<\/em><br \/>\n<strong>Chi&#8217;s Sweet Home<\/strong>: 1-11,(12)\/12<br \/>\n<strong>Combatants Will be Dispatched!<\/strong>: 1-2<\/p>\n<p><strong>Daa! Daa! Daa!<\/strong>: 1\/9<br \/>\n<strong>Daemons of the Shadow Realm<\/strong>: 1<br \/>\n<strong>DanGanRonPa<\/strong>: 1-2<br \/>\n<strong>Dash!<\/strong>: 1<br \/>\n<strong>Deadman Wonderland<\/strong>: 1\/13<br \/>\n<strong>Death Note<\/strong>: 1-3\/12<br \/>\n<strong>Descendants of Darkness<\/strong>: 2,3<br \/>\n<strong>Devils and Realist<\/strong>: 1<br \/>\n<strong>D.Gray-Man<\/strong>: 1-3<br \/>\n<strong>Dick Fight Island<\/strong>: 1<br \/>\n<strong>Dream Kiss<\/strong>: 1-4\/4<br \/>\n<strong>The Dreaming<\/strong>: 1-3\/3<br \/>\n<strong>A Drunken Dream and Other Stories<\/strong><br \/>\n<strong>Durarara!!<\/strong>: 1-3<\/p>\n<p><strong>El\u00e4imi\u00e4 kerrakseen<\/strong>: 1\/1<br \/>\n<strong>Etsiv\u00e4koira Sherdock<\/strong>: <em>1-7\/7<\/em><\/p>\n<p><strong>Fairy Tail<\/strong>: 1<br \/>\n<strong>Finlandia<\/strong>: 1-2\/2<br \/>\n<strong>First Love Sisters<\/strong>: 1<br \/>\n<strong>Full Moon wo sagashite<\/strong>: 1<br \/>\n<strong>Fullmetal Alchemist<\/strong>: 1-27\/27<br \/>\n<strong>Fullmetal Alchemist: The Complete Four-Panel Comics<\/strong><br \/>\n<strong>Fullmetal Alchemist: Fullmetal Edition<\/strong>: 1<br \/>\n<strong>Fushigi Yuugi<\/strong>: 1\/18<\/p>\n<p><strong>The Gentlemen&#8217;s Alliance Cross<\/strong>: 1-9,11\/11<br \/>\n<strong>Grimms Manga<\/strong>: 1-2<\/p>\n<p><strong>H.P. Lovecraft&#8217;s At the Mountains of Madness<\/strong>: 1-2<br \/>\n<strong>.hack<\/strong>: 1-4\/4<br \/>\n<strong>Hanami International Love Story<\/strong>: 1<br \/>\n<strong>Happy Happy Clover<\/strong>: 1-5\/5<br \/>\n<strong>Hanami International Love Story<\/strong>: 1<br \/>\n<strong>Hellsing<\/strong>: 1-3<br \/>\n<strong>Hero Tales<\/strong>: 1-5\/5<br \/>\n<strong>Hikaru no go<\/strong>: 1-3<br \/>\n<strong>Hiroshiman poika<\/strong>: 1-2\/2<br \/>\n<strong>Hokuto Manga<\/strong>: 1-2\/2<br \/>\n<strong>Hollow Fields<\/strong>: 1-3\/3<br \/>\n<strong>Hopeanuoli<\/strong>: 8\/18<br \/>\n<strong>Hopeasokerimestari &amp; musta keiju<\/strong>: 1-2\/2<\/p>\n<p><strong>I Can&#8217;t Believe I Slept With You!<\/strong>: 1-3<br \/>\n<strong>I Don&#8217;t Know Which Is Love<\/strong>: 1<br \/>\n<strong>Inuyasha<\/strong>: 1-56\/56<br \/>\n<strong>Inu-Yasha : A Feudal Fairy Tale<\/strong>: 1<\/p>\n<p><strong>K-ON!<\/strong>: 1-4\/4, College, High school<br \/>\n<strong>Kagerou Daze<\/strong>: 1<br \/>\n<strong>Kamikaze Kaitou Jeanne<\/strong>: 1-7\/7<br \/>\n<strong>Kasumi<\/strong>: 1\/1<br \/>\n<strong>Kill La Kill<\/strong>: 1-3\/3<br \/>\n<strong>Kill Me Baby<\/strong>: 1-4\/4<br \/>\n<strong>Kingdom Hearts: Chain of Memories<\/strong>: 1-2<br \/>\n<strong>Kiss Him, Not Me<\/strong>: 1<br \/>\n<strong>Kuinka maailma pelastetaan<\/strong>: 1-2\/2<br \/>\n<strong>Kummituskokelas<\/strong>: 1-2\/2<br \/>\n<strong>Kuroshitsuji<\/strong>: 1-18\/23+<\/p>\n<p><strong>Lindbergh<\/strong>: 1-8\/8<br \/>\n<strong>Love at Fourteen<\/strong>: 1-2<\/p>\n<p><strong>Maaginen suklaapuoti<\/strong>: 1<br \/>\n<strong>Maameren tarinat<\/strong>: 1-4<br \/>\n<strong>Made in Abyss<\/strong>: 1-9,11-12<br \/>\n<strong>Magic Knight Rayearth &#8211; taikasoturit<\/strong>: 1-3\/3<br \/>\n<strong>Magic Knight Rayearth &#8211; taikasoturit II<\/strong>: 1-3\/3<br \/>\n<strong>Maison Ikkoku<\/strong>: 1-2 (Viz)<br \/>\n<strong>Maison Ikkoku<\/strong>: 1-3,5-15\/15 (Gollancz)<br \/>\n<strong>Merman in My Tub<\/strong>: 1-6<br \/>\n<strong>Mirai Nikki<\/strong>: 1-12\/12, Mosaic, Paradox<br \/>\n<strong>Missions of Love<\/strong>: 1-3<br \/>\n<strong>Monster Hunter Orage<\/strong>: 1-4\/4<br \/>\n<strong>My Hero Academia<\/strong>: 1-9 (eng)<br \/>\n<strong>My Little Monster<\/strong>: 1<\/p>\n<p><strong>Navi Luna<\/strong>: 1-7\/7<br \/>\n<strong>Neiti Koume, tiikeriraita<\/strong>: 1-7\/7<br \/>\nx Neon Genesis Evangelion: 2,5,6,8,11<br \/>\n<strong>Nisekoi<\/strong>: 1<br \/>\n<strong>No. 6<\/strong>:1-9\/9<br \/>\n<strong>No Matter How I Look at It, It&#8217;s You Guys&#8217; Fault I&#8217;m Not Popular!<\/strong>: 1<br \/>\n<strong>Noragami: Stray God<\/strong>: 1<\/p>\n<p><strong>Of the Red, the Light and the Ayakashi<\/strong>: 1<br \/>\n<strong>Oh! My Goddess<\/strong>: 1-36\/36<br \/>\n<strong>Oh My Goddess!<\/strong>: 1-14 (eng)<br \/>\n<strong>Oh My Goddess!<\/strong>:  1-555-Goddess!<br \/>\n<strong>Oh My Goddess! Adventures of the Mini-Goddesses<\/strong><br \/>\n<strong>Omamori Himari<\/strong>: 1-6<br \/>\n<strong>One Piece<\/strong>: 1-7\/\u00e4\u00e4ret\u00f6n<br \/>\n<strong>Orange Planet<\/strong>: 1-4\/5<br \/>\n<strong>Oreimo<\/strong>: 1-4<br \/>\n<strong>Otherside Picnic<\/strong>: 1<br \/>\n<strong>Ouran High School Host Club<\/strong>: 1<\/p>\n<p><strong>Pahispomo ja kissat<\/strong>: 1\/1<br \/>\n<strong>Pandora Hearts<\/strong>: 1-6<br \/>\n<strong>Pastel<\/strong>: 1-3<br \/>\n<strong>Patriootti Moriarty<\/strong>: 1-5<br \/>\n<strong>Planetes<\/strong>: 1-4\/4<br \/>\n<strong>Princess Ai: Rumors from the Other Side<\/strong><br \/>\n<strong>Puella Magi Madoka Magica<\/strong>: 1-3\/3, Rebellion 1<br \/>\n<strong>Pulpettinaapurit<\/strong>: 1-3\/3<br \/>\n<strong>Pyh\u00e4k\u00f6n kulkukissat<\/strong>: 1\/1<\/p>\n<p><strong>Rakastajat henkeen ja vereen<\/strong>: 1\/2<br \/>\n<strong>Ravintola maailmojen v\u00e4lill\u00e4<\/strong>. 1-2<br \/>\n<strong>Ranma\u00bd<\/strong>: 1-38\/38<br \/>\n<strong>Reborn as a Space Mercenary: I Woke Up Piloting the Strongest Starship!<\/strong>: 1-2<br \/>\n<strong>Rinne<\/strong>: 1-8,12\/14<br \/>\n<strong>Romantic Killer<\/strong>: 1-2<\/p>\n<p><strong>S.S. Astro<\/strong>: 1\/1<br \/>\n<strong>Sailor Moon<\/strong>: 1<br \/>\n<strong>Seraph of the End &#8211; Vampire Reign<\/strong>: 1-9<br \/>\n<strong>Servamp<\/strong>: 1<br \/>\n<strong>Sherlock<\/strong>: 1-3\/3, El\u00e4m\u00e4 peliss\u00e4<br \/>\n<strong>Short Program<\/strong>: 1<br \/>\n<strong>Shugo Chara<\/strong>: 1-12\/12<br \/>\n<strong>Solut ty\u00f6ss\u00e4<\/strong>: 1<br \/>\n<strong>Soul Eater<\/strong>: 1-4\/25<br \/>\n<strong>Steins; Gate<\/strong>: 1-3\/3<br \/>\n<strong>Strawberry 100%<\/strong>: 1-7<br \/>\n<strong>Strawberry Panic<\/strong>: 1<br \/>\n<strong>Summer Wars<\/strong>: 1-3\/3<br \/>\n<strong>Superwomen in Love!<\/strong>: 1-2<br \/>\n<strong>Suzunari!<\/strong>: 1-2\/2<\/p>\n<p><strong>Tarkastaja Akane Tsunemori<\/strong>: 1-6<br \/>\n<strong>Teiniagentti Luna<\/strong>: 1-5\/5<br \/>\n<strong>Time Stranger Kyoko<\/strong>: 1-3\/3<br \/>\n<strong>Titaanien sota<\/strong>: 1-17,19<br \/>\n<strong>Titaanien sota. Levin tarina<\/strong>: 1-2\/2<br \/>\n<strong>Titaanien sota. Lost Girls<\/strong>: 1-2\/2<br \/>\n<strong>Tokyo Ghoul<\/strong>: 1-10,12\/14<br \/>\n<strong>Tokyo Mew Mew<\/strong>: 1-7<br \/>\n<strong>Tokyo Mew Mew \u00e0 la mode<\/strong>: 1-2<br \/>\n<strong>Tokyo Mew Mew : 2020 Return<\/strong>: 1<br \/>\n<strong>Toradora!<\/strong>: 1-2<br \/>\n<strong>Trinity Blood<\/strong>: 1-13\/13<br \/>\n<strong>Tuulen laakson Nausica\u00e4<\/strong>: 1-7\/7<\/p>\n<p><strong>Uncanny Brains<\/strong>: 1-2\/2<br \/>\n<strong>Uzaki-chan Wants to Hang Out!<\/strong>: 2-3<\/p>\n<p><strong>Valkoinen noita<\/strong>: 1-3\/3<br \/>\n<strong>Vartijat<\/strong>: 1-2<br \/>\n<strong>Vampire Knight<\/strong>: 2\/15+<br \/>\n<strong>Veitsi kukkasen kupeella<\/strong>: 1\/1<br \/>\n<strong>Velhon Morsian<\/strong>: 1-3,7<br \/>\n<strong>Viidakon valtias<\/strong>: 1-2<br \/>\n<strong>Voiceful<\/strong>: 1<\/p>\n<p><strong>Yamada-kun and the Seven Witches<\/strong>: 1<br \/>\n<strong>Yhdess\u00e4 kotiin<\/strong>: 1\/1<br \/>\n<strong>Yotsuba&amp;!<\/strong>: 1<br \/>\n<strong>Your Name<\/strong>: 2-3<br \/>\n<strong>Yuri Espoir<\/strong>: 1<br \/>\n<strong>Yuuna and the Haunted Hot Springs<\/strong>: 1-11<br \/>\n<strong>Yuu Watase &#8211; The Best Selection<\/strong>: 1-2<\/p>\n<p>x The Shinma Menace (New Vampire Miyu, Vol. 1)<\/p>\n","protected":false},"excerpt":{"rendered":"<p>7 kuolemansynti\u00e4: 1-13\/13 2001 Nights: 1-10\/10 Ajokoira: 1\/1 Akira: 1-12\/12 All You Need Is Kill: 1-2\/2 Another: 1-4\/4 Aoha Ride: 1-13\/13 Aoi House: 1-4\/4 Arki: 1-3\/6+ Assassination Classroom: 1 Astra: 1-5 Astro Boy: 1-2 A White Rose in Bloom: 1-2 [&hellip;]<\/p>\n","protected":false},"author":34,"featured_media":0,"parent":82,"menu_order":0,"comment_status":"closed","ping_status":"closed","template":"","meta":{"footnotes":""},"class_list":["post-204","page","type-page","status-publish","hentry"],"_links":{"self":[{"href":"https:\/\/users.utu.fi\/simo\/wp-json\/wp\/v2\/pages\/204","targetHints":{"allow":["GET"]}}],"collection":[{"href":"https:\/\/users.utu.fi\/simo\/wp-json\/wp\/v2\/pages"}],"about":[{"href":"https:\/\/users.utu.fi\/simo\/wp-json\/wp\/v2\/types\/page"}],"author":[{"embeddable":true,"href":"https:\/\/users.utu.fi\/simo\/wp-json\/wp\/v2\/users\/34"}],"replies":[{"embeddable":true,"href":"https:\/\/users.utu.fi\/simo\/wp-json\/wp\/v2\/comments?post=204"}],"version-history":[{"count":60,"href":"https:\/\/users.utu.fi\/simo\/wp-json\/wp\/v2\/pages\/204\/revisions"}],"predecessor-version":[{"id":1860,"href":"https:\/\/users.utu.fi\/simo\/wp-json\/wp\/v2\/pages\/204\/revisions\/1860"}],"up":[{"embeddable":true,"href":"https:\/\/users.utu.fi\/simo\/wp-json\/wp\/v2\/pages\/82"}],"wp:attachment":[{"href":"https:\/\/users.utu.fi\/simo\/wp-json\/wp\/v2\/media?parent=204"}],"curies":[{"name":"wp","href":"https:\/\/api.w.org\/{rel}","templated":true}]}}