{"id":141,"date":"2021-10-13T21:45:35","date_gmt":"2021-10-13T18:45:35","guid":{"rendered":"https:\/\/users.utu.fi\/taesho\/?page_id=141"},"modified":"2024-01-23T09:09:31","modified_gmt":"2024-01-23T07:09:31","slug":"tapani-hopkins-2","status":"publish","type":"page","link":"https:\/\/users.utu.fi\/taesho\/","title":{"rendered":"Tapani Hopkins"},"content":{"rendered":"<p><img loading=\"lazy\" decoding=\"async\" class=\"alignleft wp-image-129 size-thumbnail\" src=\"https:\/\/users.utu.fi\/taesho\/wp-content\/uploads\/sites\/1311\/2021\/10\/Tapani-small-150x150.jpg\" alt=\"\" width=\"150\" height=\"150\" \/>Tutkin trooppisia loispisti\u00e4isi\u00e4 kotonani K\u00e5llbyss\u00e4 (Pohjanmaalla) ja <a href=\"https:\/\/collections.utu.fi\/\">Turun yliopiston el\u00e4inmuseolla<\/a>. T\u00e4h\u00e4n sis\u00e4ltyy <a href=\"https:\/\/users.utu.fi\/taesho\/tutkimus\/materiaalit\/\">Ugandasta ker\u00e4\u00e4mieni yli 100 000 loispisti\u00e4isen<\/a> k\u00e4sittely (ota yhteytt\u00e4 jos haluat tutkia niit\u00e4!), ja ihmettely\u00e4 kuinka maapallollemme voi mahtua niin \u00e4lytt\u00f6m\u00e4n paljon lajeja.<\/p>\n<p>Niin\u00e4 harvoina aikoina kun k\u00e4yn yliopistolla, minut l\u00f6yt\u00e4\u00e4 el\u00e4inmuseon parvelta valtavan hy\u00f6nteislaatikoiden yms muodostaman r\u00f6ykki\u00f6n takaa. <a href=\"https:\/\/users.utu.fi\/taesho\/yhteystiedot\/\">S\u00e4hk\u00f6postitsekin tavoittaa<\/a> ja tekemisi\u00e4 voi seurata (vaihtelevilla kielill\u00e4 ilmestyv\u00e4ss\u00e4) <a href=\"https:\/\/users.utu.fi\/taesho\/blogi\/\">blogissa<\/a>.<\/p>\n<p><a href=\"https:\/\/bsky.app\/profile\/tapani-hopkins.bsky.social\" target=\"_blank\" rel=\"noopener\"><img loading=\"lazy\" decoding=\"async\" class=\"alignnone wp-image-1716\" src=\"https:\/\/users.utu.fi\/taesho\/wp-content\/uploads\/sites\/1311\/2023\/12\/logo-64x64-1.jpg\" alt=\"Bluesky-palvelun logo, sininen perhonen\" width=\"16\" height=\"16\" \/><\/a> <a href=\"https:\/\/bsky.app\/profile\/tapani-hopkins.bsky.social\" target=\"_blank\" rel=\"noopener\">@tapani-hopkins<\/a> \u00a0 <a href=\"https:\/\/orcid.org\/0000-0002-2256-0098\" target=\"_blank\" rel=\"noopener\"><img loading=\"lazy\" decoding=\"async\" class=\"alignnone\" src=\"https:\/\/info.orcid.org\/wp-content\/uploads\/2019\/11\/orcid_16x16.png\" alt=\"\" width=\"16\" height=\"16\" \/><\/a> <a href=\"https:\/\/orcid.org\/0000-0002-2256-0098\" target=\"_blank\" rel=\"noopener\">0000-0002-2256-0098<\/a>\u00a0 \u00a0<a href=\"https:\/\/scholar.google.fi\/citations?hl=en&amp;user=jmvx0c8AAAAJ&amp;view_op=list_works&amp;sortby=pubdate\" target=\"_blank\" rel=\"noopener\"><img loading=\"lazy\" decoding=\"async\" class=\"alignnone wp-image-75\" src=\"https:\/\/users.utu.fi\/taesho\/wp-content\/uploads\/sites\/1311\/2021\/10\/32px-Google_Scholar_logo.svg.png\" alt=\"\" width=\"16\" height=\"16\" \/><\/a> <a href=\"https:\/\/scholar.google.fi\/citations?hl=en&amp;user=jmvx0c8AAAAJ&amp;view_op=list_works&amp;sortby=pubdate\" target=\"_blank\" rel=\"noopener\">Google Scholar<\/a> \u00a0 <a href=\"https:\/\/users.utu.fi\/taesho\/yhteystiedot\/\">\u2709\ufe0f Yhteystiedot<\/a><\/p>\n<h3>Keit\u00e4 loispisti\u00e4iset ovat?<\/h3>\n<p><a href=\"https:\/\/upload.wikimedia.org\/wikipedia\/commons\/4\/4b\/Ichneumonid_on_Malaise_in_Kibale.JPG\"><img loading=\"lazy\" decoding=\"async\" class=\"aligncenter size-medium\" src=\"https:\/\/upload.wikimedia.org\/wikipedia\/commons\/4\/4b\/Ichneumonid_on_Malaise_in_Kibale.JPG\" alt=\"Wasp on insect trap in Uganda\" width=\"3058\" height=\"2435\" \/><\/a><\/p>\n<p>Ahmaspisti\u00e4iset (Ichneumonidae) saattavat hyvinkin muodostaa maailman lajirikkaimman el\u00e4inheimon: niit\u00e4 on <strong>kaikkialla<\/strong> aina Gr\u00f6nlannista Uuteen Seelantiin, lajeja riitt\u00e4nee yli 100 000, Suomen maankamaralta ei l\u00f6ytyne hehtaariakaan jossa niit\u00e4 ei el\u00e4isi..<\/p>\n<p>..mutta useimmat eiv\u00e4t ole niist\u00e4 ikin\u00e4 kuulleetkaan.<\/p>\n<p>Heti kun niit\u00e4 oppii n\u00e4kem\u00e4\u00e4n &#8211; ne n\u00e4ytt\u00e4v\u00e4t laihdutuskuuria k\u00e4yvilt\u00e4 ampiaisilta &#8211; niin niit\u00e4 yht\u00e4kki\u00e4 huomaa kaikkialla. Niit\u00e4 kuvaillessa kuuluu aina kertoa niiden hellytt\u00e4v\u00e4st\u00e4 elintavasta:<\/p>\n<ul>\n<li>Naaras etsii perhosentoukan (tai muun selk\u00e4rangattoman), lamaanuttaa sen myrkyll\u00e4, ja munii toukan sis\u00e4lle. Toukka virkoaa pian naaraan l\u00e4hdetty\u00e4.<\/li>\n<li>Muna kuoriutuu ja rupeaa sy\u00f6m\u00e4\u00e4n toukan sisuskaluja. Toukan yh\u00e4 el\u00e4ess\u00e4.<\/li>\n<li>Lopulta toukalla on vain v\u00e4ltt\u00e4m\u00e4tt\u00f6mimm\u00e4t elimet j\u00e4ljell\u00e4. Nuori pisti\u00e4inen kaivautuu toukan ihon kautta ulos (toukka kuolee viimeist\u00e4\u00e4n t\u00e4ss\u00e4 vaiheessa), koteloituu, ja lent\u00e4\u00e4 etsim\u00e4\u00e4n uusia toukkia.<\/li>\n<\/ul>\n<p>Pisti\u00e4iset muuntelevat t\u00e4t\u00e4 peruselintapaa rajattomasti: jotkut k\u00e4pertyv\u00e4t el\u00e4vien h\u00e4m\u00e4h\u00e4kkien ulkopinnalle, toiset loisivat muita loispisti\u00e4isi\u00e4.. Loispisti\u00e4isten vaikutusta muihin lajeihin ei helpolla voi yliarvioida, ne rajoittavat merkitt\u00e4v\u00e4sti l\u00e4hestulkoon kaikkien muitten selk\u00e4rangattomien kantoja.<\/p>\n<p>Lis\u00e4tietoja <a href=\"https:\/\/fi.wikipedia.org\/wiki\/Ahmaspisti%C3%A4iset\">Wikipediasta<\/a>. Sielt\u00e4 l\u00f6ytyy ugandalaisia kuviakin..<\/p>\n<h3>Rahoitus<\/h3>\n<p>Pisti\u00e4isi\u00e4 ym. kiinnostavaa on helpompi tutkia, jollei ole pakko k\u00e4yd\u00e4 oikeissa t\u00f6iss\u00e4. Seuraavat tahot ansaitsevat suurkiitokset ty\u00f6ni rahoittamisesta!<\/p>\n<table border=\"none\">\n<tbody>\n<tr>\n<td><a href=\"https:\/\/kordelin.fi\/\"><img loading=\"lazy\" decoding=\"async\" class=\"alignnone wp-image-1627\" src=\"https:\/\/users.utu.fi\/taesho\/wp-content\/uploads\/sites\/1311\/2023\/05\/Kordelin_RGB-150x150.png\" alt=\"Alfred Kordelinin s\u00e4\u00e4ti\u00f6 logo\" width=\"65\" height=\"40\" srcset=\"https:\/\/users.utu.fi\/taesho\/wp-content\/uploads\/sites\/1311\/2023\/05\/Kordelin_RGB-300x185.png 300w, https:\/\/users.utu.fi\/taesho\/wp-content\/uploads\/sites\/1311\/2023\/05\/Kordelin_RGB-1024x632.png 1024w, https:\/\/users.utu.fi\/taesho\/wp-content\/uploads\/sites\/1311\/2023\/05\/Kordelin_RGB-768x474.png 768w, https:\/\/users.utu.fi\/taesho\/wp-content\/uploads\/sites\/1311\/2023\/05\/Kordelin_RGB-1536x947.png 1536w, https:\/\/users.utu.fi\/taesho\/wp-content\/uploads\/sites\/1311\/2023\/05\/Kordelin_RGB-2048x1263.png 2048w\" sizes=\"auto, (max-width: 65px) 100vw, 65px\" \/><\/a><\/td>\n<td><a href=\"https:\/\/kordelin.fi\/\" rel=\"\">Alfred Kordelinin s\u00e4\u00e4ti\u00f6<\/a><\/td>\n<\/tr>\n<tr>\n<td><a href=\"https:\/\/entomologiska.wordpress.com\"><img loading=\"lazy\" decoding=\"async\" class=\"alignnone wp-image-105\" src=\"https:\/\/users.utu.fi\/taesho\/wp-content\/uploads\/sites\/1311\/2021\/10\/entomologiska.jpg\" alt=\"\" width=\"43\" height=\"40\" \/><\/a><\/td>\n<td><a href=\"https:\/\/entomologiska.wordpress.com\">Helsingin hy\u00f6nteistieteellinen yhdistys<\/a><\/td>\n<\/tr>\n<tr>\n<td><a href=\"https:\/\/koneensaatio.fi\"><img loading=\"lazy\" decoding=\"async\" class=\"alignnone wp-image-144\" src=\"https:\/\/users.utu.fi\/taesho\/wp-content\/uploads\/sites\/1311\/2021\/10\/Oranssi-logo-jpg-e1684411244613-150x150.jpg\" alt=\"Koneen s\u00e4\u00e4ti\u00f6 logo\" width=\"81\" height=\"40\" srcset=\"https:\/\/users.utu.fi\/taesho\/wp-content\/uploads\/sites\/1311\/2021\/10\/Oranssi-logo-jpg-e1684411244613-300x147.jpg 300w, https:\/\/users.utu.fi\/taesho\/wp-content\/uploads\/sites\/1311\/2021\/10\/Oranssi-logo-jpg-e1684411244613-1024x503.jpg 1024w, https:\/\/users.utu.fi\/taesho\/wp-content\/uploads\/sites\/1311\/2021\/10\/Oranssi-logo-jpg-e1684411244613-768x377.jpg 768w, https:\/\/users.utu.fi\/taesho\/wp-content\/uploads\/sites\/1311\/2021\/10\/Oranssi-logo-jpg-e1684411244613-1536x755.jpg 1536w, https:\/\/users.utu.fi\/taesho\/wp-content\/uploads\/sites\/1311\/2021\/10\/Oranssi-logo-jpg-e1684411244613.jpg 1595w\" sizes=\"auto, (max-width: 81px) 100vw, 81px\" \/><\/a><\/td>\n<td><a href=\"https:\/\/koneensaatio.fi\/\">Koneen s\u00e4\u00e4ti\u00f6<\/a><\/td>\n<\/tr>\n<tr>\n<td><a href=\"https:\/\/www.oskaroflund.fi\/?lang=fi\"><img loading=\"lazy\" decoding=\"async\" class=\"alignnone wp-image-102\" src=\"https:\/\/users.utu.fi\/taesho\/wp-content\/uploads\/sites\/1311\/2021\/10\/oskar_oflund-263x300.png\" alt=\"\" width=\"35\" height=\"40\" srcset=\"https:\/\/users.utu.fi\/taesho\/wp-content\/uploads\/sites\/1311\/2021\/10\/oskar_oflund-263x300.png 263w, https:\/\/users.utu.fi\/taesho\/wp-content\/uploads\/sites\/1311\/2021\/10\/oskar_oflund-899x1024.png 899w, https:\/\/users.utu.fi\/taesho\/wp-content\/uploads\/sites\/1311\/2021\/10\/oskar_oflund-768x875.png 768w, https:\/\/users.utu.fi\/taesho\/wp-content\/uploads\/sites\/1311\/2021\/10\/oskar_oflund-1348x1536.png 1348w, https:\/\/users.utu.fi\/taesho\/wp-content\/uploads\/sites\/1311\/2021\/10\/oskar_oflund-1797x2048.png 1797w\" sizes=\"auto, (max-width: 35px) 100vw, 35px\" \/><\/a><\/td>\n<td><a href=\"https:\/\/www.oskaroflund.fi\/?lang=fi\">Oskar \u00d6flunds Stiftelse sr<\/a><\/td>\n<\/tr>\n<tr>\n<td><a href=\"https:\/\/skr.fi\"><img loading=\"lazy\" decoding=\"async\" class=\"alignnone wp-image-84\" src=\"https:\/\/users.utu.fi\/taesho\/wp-content\/uploads\/sites\/1311\/2021\/10\/skr_vihrea_cmyk-300x291.jpg\" alt=\"\" width=\"41\" height=\"40\" srcset=\"https:\/\/users.utu.fi\/taesho\/wp-content\/uploads\/sites\/1311\/2021\/10\/skr_vihrea_cmyk-300x291.jpg 300w, https:\/\/users.utu.fi\/taesho\/wp-content\/uploads\/sites\/1311\/2021\/10\/skr_vihrea_cmyk-150x150.jpg 150w, https:\/\/users.utu.fi\/taesho\/wp-content\/uploads\/sites\/1311\/2021\/10\/skr_vihrea_cmyk.jpg 713w\" sizes=\"auto, (max-width: 41px) 100vw, 41px\" \/><\/a><\/td>\n<td><a href=\"http:\/\/www.skr.fi\">Suomen Kulttuurirahasto<\/a><\/td>\n<\/tr>\n<tr>\n<td><a href=\"https:\/\/www.samfundet.fi\/\"><img loading=\"lazy\" decoding=\"async\" class=\"alignnone wp-image-1628\" src=\"https:\/\/users.utu.fi\/taesho\/wp-content\/uploads\/sites\/1311\/2023\/05\/sos_jubileumslogo_0619-150x150.png\" alt=\"Svensk-\u00d6sterbottniska samfundet logo\" width=\"40\" height=\"40\" srcset=\"https:\/\/users.utu.fi\/taesho\/wp-content\/uploads\/sites\/1311\/2023\/05\/sos_jubileumslogo_0619-150x150.png 150w, https:\/\/users.utu.fi\/taesho\/wp-content\/uploads\/sites\/1311\/2023\/05\/sos_jubileumslogo_0619-300x300.png 300w, https:\/\/users.utu.fi\/taesho\/wp-content\/uploads\/sites\/1311\/2023\/05\/sos_jubileumslogo_0619.png 304w\" sizes=\"auto, (max-width: 40px) 100vw, 40px\" \/><\/a><\/td>\n<td><a href=\"https:\/\/www.samfundet.fi\/\" rel=\"\">Svensk-\u00d6sterbottniska samfundet<\/a><\/td>\n<\/tr>\n<tr>\n<td><\/td>\n<td><a href=\"http:\/\/www.foundationweb.net\/frenckell\/index.html\">Waldemar von Frenckellin s\u00e4\u00e4ti\u00f6<\/a><\/td>\n<\/tr>\n<\/tbody>\n<\/table>\n<h3>Kuka olen?<\/h3>\n<p>Olennaisimmat tiedot:<\/p>\n<ul>\n<li>Synnyin <a href=\"https:\/\/www.google.fi\/maps\/place\/Hartlepool,+UK\/@54.5837854,-5.2728405,964223m\/data=!3m1!1e3!4m5!3m4!1s0x487e8a33e97e0a65:0x50dc644f0bd33136!8m2!3d54.691745!4d-1.212926\">Hartlepooliss\u00e4<\/a> 1986. Olen asunut suuren osan el\u00e4m\u00e4st\u00e4ni <a href=\"https:\/\/www.google.fi\/maps\/place\/68500+Kronoby\/@64.8339256,16.2222011,1415086m\/data=!3m1!1e3!4m5!3m4!1s0x4687412b15dc2463:0xb4349037f53c83bf!8m2!3d63.7279966!4d23.0337462\">Kruunupyyss\u00e4<\/a> ja asun nyky\u00e4\u00e4n <a href=\"https:\/\/www.google.fi\/maps\/place\/68800+K%C3%A5llby\/@64.3952736,15.1601173,1438103m\/data=!3m1!1e3!4m5!3m4!1s0x46876a42cf0075df:0xa0146d8a3955db0!8m2!3d63.6250251!4d22.894514\">K\u00e5llbyss\u00e4<\/a>.<\/li>\n<li>\u00c4idinkielin\u00e4 Englanti ja Suomi, Ruotsi l\u00e4hell\u00e4 \u00e4idinkielen tasoa.<\/li>\n<li>Koulutus:\n<ul>\n<li>FT biologia, Turun yliopisto<\/li>\n<li>FM Ekologia ja evoluutiobiologia, Helsingin yliopisto<\/li>\n<li>BSc (hons) Kasvi- ja el\u00e4intiede, Stellenboschin yliopisto, Etel\u00e4-Afrikka<\/li>\n<li>LuK Teoreettinen fysiikka, Helsingin yliopisto<\/li>\n<\/ul>\n<\/li>\n<\/ul>\n<p>Ep\u00e4olennaisiin tietoihin kuuluu lukuisten kirjojen lukeminen, kyky kasvattaa kanoja, ja totaalinen kyvytt\u00f6myys soittaa s\u00e4kkipillej\u00e4.<\/p>\n<p>Vaimoni el\u00e4tt\u00e4\u00e4 perheen tekem\u00e4ll\u00e4 oikeita t\u00f6it\u00e4, ja lapseni varmistavat ett\u00e4 tekemist\u00e4 riitt\u00e4\u00e4 tutkimuksen ohellakin.<\/p>\n","protected":false},"excerpt":{"rendered":"<p>Tutkin trooppisia loispisti\u00e4isi\u00e4 kotonani K\u00e5llbyss\u00e4 (Pohjanmaalla) ja Turun yliopiston el\u00e4inmuseolla. T\u00e4h\u00e4n sis\u00e4ltyy Ugandasta ker\u00e4\u00e4mieni yli 100 000 loispisti\u00e4isen k\u00e4sittely (ota yhteytt\u00e4 jos haluat tutkia niit\u00e4!), ja ihmettely\u00e4 kuinka maapallollemme voi mahtua niin \u00e4lytt\u00f6m\u00e4n paljon lajeja. Niin\u00e4 harvoina aikoina kun k\u00e4yn yliopistolla, minut l\u00f6yt\u00e4\u00e4 el\u00e4inmuseon parvelta valtavan hy\u00f6nteislaatikoiden yms muodostaman r\u00f6ykki\u00f6n takaa. S\u00e4hk\u00f6postitsekin tavoittaa ja tekemisi\u00e4 [&hellip;]<\/p>\n","protected":false},"author":6396,"featured_media":0,"parent":0,"menu_order":0,"comment_status":"closed","ping_status":"closed","template":"","meta":{"site-sidebar-layout":"default","site-content-layout":"default","ast-site-content-layout":"default","site-content-style":"default","site-sidebar-style":"default","ast-global-header-display":"","ast-banner-title-visibility":"","ast-main-header-display":"","ast-hfb-above-header-display":"","ast-hfb-below-header-display":"","ast-hfb-mobile-header-display":"","site-post-title":"","ast-breadcrumbs-content":"","ast-featured-img":"","footer-sml-layout":"","ast-disable-related-posts":"","theme-transparent-header-meta":"default","adv-header-id-meta":"","stick-header-meta":"","header-above-stick-meta":"","header-main-stick-meta":"","header-below-stick-meta":"","astra-migrate-meta-layouts":"set","ast-page-background-enabled":"default","ast-page-background-meta":{"desktop":{"background-color":"var(--ast-global-color-4)","background-image":"","background-repeat":"repeat","background-position":"center center","background-size":"auto","background-attachment":"scroll","background-type":"","background-media":"","overlay-type":"","overlay-color":"","overlay-opacity":"","overlay-gradient":""},"tablet":{"background-color":"","background-image":"","background-repeat":"repeat","background-position":"center center","background-size":"auto","background-attachment":"scroll","background-type":"","background-media":"","overlay-type":"","overlay-color":"","overlay-opacity":"","overlay-gradient":""},"mobile":{"background-color":"","background-image":"","background-repeat":"repeat","background-position":"center center","background-size":"auto","background-attachment":"scroll","background-type":"","background-media":"","overlay-type":"","overlay-color":"","overlay-opacity":"","overlay-gradient":""}},"ast-content-background-meta":{"desktop":{"background-color":"var(--ast-global-color-5)","background-image":"","background-repeat":"repeat","background-position":"center center","background-size":"auto","background-attachment":"scroll","background-type":"","background-media":"","overlay-type":"","overlay-color":"","overlay-opacity":"","overlay-gradient":""},"tablet":{"background-color":"var(--ast-global-color-5)","background-image":"","background-repeat":"repeat","background-position":"center center","background-size":"auto","background-attachment":"scroll","background-type":"","background-media":"","overlay-type":"","overlay-color":"","overlay-opacity":"","overlay-gradient":""},"mobile":{"background-color":"var(--ast-global-color-5)","background-image":"","background-repeat":"repeat","background-position":"center center","background-size":"auto","background-attachment":"scroll","background-type":"","background-media":"","overlay-type":"","overlay-color":"","overlay-opacity":"","overlay-gradient":""}},"footnotes":""},"class_list":["post-141","page","type-page","status-publish","hentry"],"_links":{"self":[{"href":"https:\/\/users.utu.fi\/taesho\/wp-json\/wp\/v2\/pages\/141","targetHints":{"allow":["GET"]}}],"collection":[{"href":"https:\/\/users.utu.fi\/taesho\/wp-json\/wp\/v2\/pages"}],"about":[{"href":"https:\/\/users.utu.fi\/taesho\/wp-json\/wp\/v2\/types\/page"}],"author":[{"embeddable":true,"href":"https:\/\/users.utu.fi\/taesho\/wp-json\/wp\/v2\/users\/6396"}],"replies":[{"embeddable":true,"href":"https:\/\/users.utu.fi\/taesho\/wp-json\/wp\/v2\/comments?post=141"}],"version-history":[{"count":19,"href":"https:\/\/users.utu.fi\/taesho\/wp-json\/wp\/v2\/pages\/141\/revisions"}],"predecessor-version":[{"id":1730,"href":"https:\/\/users.utu.fi\/taesho\/wp-json\/wp\/v2\/pages\/141\/revisions\/1730"}],"wp:attachment":[{"href":"https:\/\/users.utu.fi\/taesho\/wp-json\/wp\/v2\/media?parent=141"}],"curies":[{"name":"wp","href":"https:\/\/api.w.org\/{rel}","templated":true}]}}