{"id":645,"date":"2021-10-15T16:33:19","date_gmt":"2021-10-15T13:33:19","guid":{"rendered":"https:\/\/users.utu.fi\/taesho\/?page_id=645"},"modified":"2024-10-16T20:18:09","modified_gmt":"2024-10-16T17:18:09","slug":"forskning","status":"publish","type":"page","link":"https:\/\/users.utu.fi\/taesho\/sv\/forskning\/","title":{"rendered":"Forskning"},"content":{"rendered":"<p>Jag forskar i det som r\u00e5kar intressera. Fr\u00e4mst biologi, s\u00e4rskilt biologisk m\u00e5ngfald, men \u00e4ven andra \u00e4mnen.<\/p>\n<p>Jag <a href=\"https:\/\/users.utu.fi\/taesho\/sv\/forskning\/publikationer\/\">publicerar<\/a> de resultat som k\u00e4nns n\u00e5gorlunda vettiga i vetenskapliga publikationer. Dessutom ger jag ut <a href=\"https:\/\/users.utu.fi\/taesho\/sv\/forskning\/data-och-skript\/\">forskningsdatan och skripten<\/a> jag anv\u00e4nder f\u00f6r att hantera den. Jag har inf\u00f6rskaffat en hemsk massa <a href=\"https:\/\/users.utu.fi\/taesho\/sv\/forskning\/material\/\">forskningsmaterial<\/a>, s\u00e5som ugandiska insekter, som jag g\u00e4rna l\u00e5ter ocks\u00e5 andra forska i.<\/p>\n<p>Jag forskar bland annat i:<\/p>\n<ul>\n<li><strong>Biologisk m\u00e5ngfald,<\/strong> s\u00e4rskilt varf\u00f6r det finns exakt den m\u00e4ngd arter som det finns. I praktiken s\u00e5 har jag fastnat i att beskriva de hundratals nya stekelarter jag hittade i Uganda.<\/li>\n<li><strong>Praktiska metoder<\/strong> f\u00f6r att ta reda p\u00e5 vad som h\u00e4nder ute i naturen och vad de andra levande varelserna h\u00e5ller p\u00e5 med. I praktiken har detta inneburit att utveckla en viltkamera f\u00f6r insekter. N\u00e5n dag vill jag att man m\u00e4ter och rapporterar insektm\u00e4ngder, i realtid, p\u00e5 samma s\u00e4tt som man nu g\u00f6r med v\u00e4dret.<\/li>\n<li><strong>Att f\u00f6rklara kvantmekaniska lagar. <\/strong>Jag har f\u00e5tt f\u00f6r mig att kvantmekanikens fenomen kunde f\u00f6rklaras av att krafter inte \u00e4r homogeniska, utan orsakas av budb\u00e4rande partiklar vars m\u00e4ngd och distribution varierar slumpm\u00e4ssigt. I praktiken s\u00e5 har jag inte lyckats f\u00e5 det h\u00e4r att fungera alls, men jag s\u00e4tter regelbundet p\u00e5 foliehatten och f\u00f6rs\u00f6ker igen.<\/li>\n<\/ul>\n","protected":false},"excerpt":{"rendered":"<p>Jag forskar i det som r\u00e5kar intressera. Fr\u00e4mst biologi, s\u00e4rskilt biologisk m\u00e5ngfald, men \u00e4ven andra \u00e4mnen. Jag publicerar de resultat som k\u00e4nns n\u00e5gorlunda vettiga i vetenskapliga publikationer. Dessutom ger jag ut forskningsdatan och skripten jag anv\u00e4nder f\u00f6r att hantera den. Jag har inf\u00f6rskaffat en hemsk massa forskningsmaterial, s\u00e5som ugandiska insekter, som jag g\u00e4rna l\u00e5ter ocks\u00e5 [&hellip;]<\/p>\n","protected":false},"author":6396,"featured_media":0,"parent":0,"menu_order":0,"comment_status":"closed","ping_status":"closed","template":"","meta":{"site-sidebar-layout":"default","site-content-layout":"default","ast-site-content-layout":"default","site-content-style":"default","site-sidebar-style":"default","ast-global-header-display":"","ast-banner-title-visibility":"","ast-main-header-display":"","ast-hfb-above-header-display":"","ast-hfb-below-header-display":"","ast-hfb-mobile-header-display":"","site-post-title":"","ast-breadcrumbs-content":"","ast-featured-img":"","footer-sml-layout":"","ast-disable-related-posts":"","theme-transparent-header-meta":"default","adv-header-id-meta":"","stick-header-meta":"","header-above-stick-meta":"","header-main-stick-meta":"","header-below-stick-meta":"","astra-migrate-meta-layouts":"set","ast-page-background-enabled":"default","ast-page-background-meta":{"desktop":{"background-color":"var(--ast-global-color-4)","background-image":"","background-repeat":"repeat","background-position":"center center","background-size":"auto","background-attachment":"scroll","background-type":"","background-media":"","overlay-type":"","overlay-color":"","overlay-opacity":"","overlay-gradient":""},"tablet":{"background-color":"","background-image":"","background-repeat":"repeat","background-position":"center center","background-size":"auto","background-attachment":"scroll","background-type":"","background-media":"","overlay-type":"","overlay-color":"","overlay-opacity":"","overlay-gradient":""},"mobile":{"background-color":"","background-image":"","background-repeat":"repeat","background-position":"center center","background-size":"auto","background-attachment":"scroll","background-type":"","background-media":"","overlay-type":"","overlay-color":"","overlay-opacity":"","overlay-gradient":""}},"ast-content-background-meta":{"desktop":{"background-color":"var(--ast-global-color-5)","background-image":"","background-repeat":"repeat","background-position":"center center","background-size":"auto","background-attachment":"scroll","background-type":"","background-media":"","overlay-type":"","overlay-color":"","overlay-opacity":"","overlay-gradient":""},"tablet":{"background-color":"var(--ast-global-color-5)","background-image":"","background-repeat":"repeat","background-position":"center center","background-size":"auto","background-attachment":"scroll","background-type":"","background-media":"","overlay-type":"","overlay-color":"","overlay-opacity":"","overlay-gradient":""},"mobile":{"background-color":"var(--ast-global-color-5)","background-image":"","background-repeat":"repeat","background-position":"center center","background-size":"auto","background-attachment":"scroll","background-type":"","background-media":"","overlay-type":"","overlay-color":"","overlay-opacity":"","overlay-gradient":""}},"footnotes":""},"class_list":["post-645","page","type-page","status-publish","hentry"],"_links":{"self":[{"href":"https:\/\/users.utu.fi\/taesho\/wp-json\/wp\/v2\/pages\/645","targetHints":{"allow":["GET"]}}],"collection":[{"href":"https:\/\/users.utu.fi\/taesho\/wp-json\/wp\/v2\/pages"}],"about":[{"href":"https:\/\/users.utu.fi\/taesho\/wp-json\/wp\/v2\/types\/page"}],"author":[{"embeddable":true,"href":"https:\/\/users.utu.fi\/taesho\/wp-json\/wp\/v2\/users\/6396"}],"replies":[{"embeddable":true,"href":"https:\/\/users.utu.fi\/taesho\/wp-json\/wp\/v2\/comments?post=645"}],"version-history":[{"count":4,"href":"https:\/\/users.utu.fi\/taesho\/wp-json\/wp\/v2\/pages\/645\/revisions"}],"predecessor-version":[{"id":1735,"href":"https:\/\/users.utu.fi\/taesho\/wp-json\/wp\/v2\/pages\/645\/revisions\/1735"}],"wp:attachment":[{"href":"https:\/\/users.utu.fi\/taesho\/wp-json\/wp\/v2\/media?parent=645"}],"curies":[{"name":"wp","href":"https:\/\/api.w.org\/{rel}","templated":true}]}}