{"id":38,"date":"2022-01-27T21:01:38","date_gmt":"2022-01-27T19:01:38","guid":{"rendered":"https:\/\/users.utu.fi\/vehalava\/?page_id=38"},"modified":"2022-08-24T11:10:35","modified_gmt":"2022-08-24T08:10:35","slug":"mathistoria","status":"publish","type":"page","link":"https:\/\/users.utu.fi\/vehalava\/mathistoria\/","title":{"rendered":"MATE5172 Matematiikan historia 2op"},"content":{"rendered":"<h3>Yleist\u00e4<\/h3>\n<div class=\"section\">\n<p>Matematiikan historia on matematiikan ja opettajan linjoilla pakollinen opintojakso. Kurssin suoritetaan itsen\u00e4isesti, kurssilla ei ole luentoja.<\/p>\n<p><b>Suositus: <\/b> Matematiikan historiaa suositellaan tentitt\u00e4v\u00e4ksi vasta aineopintojen loppuvaiheessa. On parempi tutustua ensin asioiden sis\u00e4lt\u00f6\u00f6n, sill\u00e4 vasta sen j\u00e4lkeen niiden historiallinen kehitys alkaa tuntua mielenkiintoiselta. Matematiikan historian ymm\u00e4rt\u00e4minen vaatii n\u00e4kemyst\u00e4 matematiikan perusteista.<\/p>\n<p><b>Suoritustapa:<\/b> S\u00e4hk\u00f6inen tentti + harjoitusty\u00f6.<br \/>\nS\u00e4hk\u00f6isess\u00e4 tentiss\u00e4 (<a href=\"http:\/\/exam.utu.fi\">http:\/\/exam.utu.fi<\/a>, kesto 115 min) tentit\u00e4\u00e4n kurssin luentomoniste <em>Matematiikan historia<\/em>. Moniste l\u00f6ytyy s\u00e4hk\u00f6isen\u00e4 kurssin Moodle-sivulta. Tenttiin osallistuminen tulee ilmoittaa etuk\u00e4teen kurssin vastuuhenkil\u00f6lle.<\/p>\n<p><b>Arvostelu:<\/b> 0 &#8211; 5<\/p>\n<p><b>Taso:<\/b> Aineopinnot.<\/p>\n<p>&nbsp;<\/p>\n<\/div>\n<hr \/>\n<h3>Kurssin suorittaminen<\/h3>\n<div class=\"section\">\n<p><b> Moodle: <\/b> Ilmoittaudu kurssille Pepiss\u00e4. Saat ilmoittautumisen j\u00e4lkeen kurssi-avaimen jolla voit kirjautua kurssin <a href=\"https:\/\/moodle.utu.fi\/course\/view.php?id=13430\">Moodle-sivuille<\/a>. Sivuilta l\u00f6yd\u00e4t kaiken kurssin suorittamiseen liittyv\u00e4n informaation ja materiaalin. Mik\u00e4li ilmoittautumistasi ei hyv\u00e4ksyt\u00e4 viikon kuluessa, ota yhteytt\u00e4 opettajaan s\u00e4hk\u00f6postilla.<\/p>\n<p><b>1. Tentti: <\/b> Kun olet perehtynyt riitt\u00e4v\u00e4sti kurssin monisteeseen, ilmoittaudu s\u00e4hk\u00f6iseen tenttiin osoitteessa<\/p>\n<p><a href=\"https:\/\/exam.utu.fi\/enroll\/exam\/6880?code=MATE5172-3004\">https:\/\/exam.utu.fi\/enroll\/exam\/6880?code=MATE5172-3004<\/a><\/p>\n<p>Tentin kesto on 115 min. Tentiss\u00e4 on kymmenen teht\u00e4v\u00e4\u00e4. Teht\u00e4v\u00e4t arvostellaan asteikolla 0-4 pistett\u00e4. L\u00e4pip\u00e4\u00e4sy edellytt\u00e4\u00e4 n. 50 prosenttia kokonaispistem\u00e4\u00e4r\u00e4st\u00e4.<\/p>\n<p><b>2. Harjoitusty\u00f6:<\/b> Kun olet suorittanut tentin, pyyd\u00e4 opettajalta harjoitusty\u00f6n aihetta. P\u00e4\u00e4t\u00e4 haluatko kirjoittaa matematiikan historia -aiheisen esseen vai tehd\u00e4 kurssin aiheista opetusvideon. Opetusvideo voi tehd\u00e4 1-4 opiskelijan ryhm\u00e4ty\u00f6n\u00e4. Opetusvideo voi olla selostettu pdf-diaesitys, videoitu tauluopetus, elokuva tai animaatio.<\/p>\n<p><strong> Kurssi kirjataan suoritetuksi kun harjoitusty\u00f6 on hyv\u00e4ksytty, arvosanaksi tulee tentin arvosana.<\/strong><\/p>\n<\/div>\n","protected":false},"excerpt":{"rendered":"<p>Yleist\u00e4 Matematiikan historia on matematiikan ja opettajan linjoilla pakollinen opintojakso. Kurssin suoritetaan itsen\u00e4isesti, kurssilla ei ole luentoja. Suositus: Matematiikan historiaa suositellaan tentitt\u00e4v\u00e4ksi vasta aineopintojen loppuvaiheessa. On parempi tutustua ensin asioiden sis\u00e4lt\u00f6\u00f6n, sill\u00e4 vasta sen j\u00e4lkeen niiden historiallinen kehitys alkaa tuntua mielenkiintoiselta. Matematiikan historian ymm\u00e4rt\u00e4minen vaatii n\u00e4kemyst\u00e4 matematiikan perusteista. Suoritustapa: S\u00e4hk\u00f6inen tentti + harjoitusty\u00f6. S\u00e4hk\u00f6isess\u00e4 tentiss\u00e4&hellip; <a class=\"more-link\" href=\"https:\/\/users.utu.fi\/vehalava\/mathistoria\/\">Continue reading <span class=\"screen-reader-text\">MATE5172 Matematiikan historia 2op<\/span><\/a><\/p>\n","protected":false},"author":4199,"featured_media":0,"parent":0,"menu_order":0,"comment_status":"closed","ping_status":"closed","template":"","meta":{"footnotes":""},"class_list":["post-38","page","type-page","status-publish","hentry","entry"],"_links":{"self":[{"href":"https:\/\/users.utu.fi\/vehalava\/wp-json\/wp\/v2\/pages\/38","targetHints":{"allow":["GET"]}}],"collection":[{"href":"https:\/\/users.utu.fi\/vehalava\/wp-json\/wp\/v2\/pages"}],"about":[{"href":"https:\/\/users.utu.fi\/vehalava\/wp-json\/wp\/v2\/types\/page"}],"author":[{"embeddable":true,"href":"https:\/\/users.utu.fi\/vehalava\/wp-json\/wp\/v2\/users\/4199"}],"replies":[{"embeddable":true,"href":"https:\/\/users.utu.fi\/vehalava\/wp-json\/wp\/v2\/comments?post=38"}],"version-history":[{"count":4,"href":"https:\/\/users.utu.fi\/vehalava\/wp-json\/wp\/v2\/pages\/38\/revisions"}],"predecessor-version":[{"id":58,"href":"https:\/\/users.utu.fi\/vehalava\/wp-json\/wp\/v2\/pages\/38\/revisions\/58"}],"wp:attachment":[{"href":"https:\/\/users.utu.fi\/vehalava\/wp-json\/wp\/v2\/media?parent=38"}],"curies":[{"name":"wp","href":"https:\/\/api.w.org\/{rel}","templated":true}]}}