{"id":10,"date":"2018-09-06T06:00:14","date_gmt":"2018-09-06T06:00:14","guid":{"rendered":"http:\/\/users.utu.fi\/vevirm\/?page_id=10"},"modified":"2024-08-08T07:36:30","modified_gmt":"2024-08-08T07:36:30","slug":"publications","status":"publish","type":"page","link":"https:\/\/users.utu.fi\/vevirm\/publications\/","title":{"rendered":"Publications"},"content":{"rendered":"<p>Please contact vevirm(at)utu.fi to receive the publications.<\/p>\n<p><strong><span class=\"detailView\"><span dir=\"ltr\" lang=\"fi-FI\">PUBLICATIONS:<\/span><\/span><\/strong><\/p>\n<p>Virmajoki, V., &amp; Laakkonen, M.-P. (2024). Time and futures: Analysis of time-needs in futures research. <em>Futures &amp; Foresight Science<\/em>.<\/p>\n<p>Virmajoki, V., &amp; Laakkonen, M.-P. (2024). Don\u2019t push the wrong button: The concept of microperspective in futures research. <em>Futures &amp; Foresight Science<\/em>.<\/p>\n<p>Virmajoki, V. (2024). On the function and nature of historical counterfactuals: Clarifying confusions. <em>Journal of the Philosophy of History<\/em>.<\/p>\n<p>Virmajoki, V. (2023). <em>Causal explanation in historiography<\/em>. Springer.<\/p>\n<p>Myllyntausta, M., M\u00e4kil\u00e4, A., Skurnik, J., &amp; Virmajoki, V. (Eds.). (2023). <em>Tiedonhistoria<\/em> (&#8220;History of Knowledge&#8221;). Vastapaino.<\/p>\n<p>Virmajoki, V. (Ed.). (2023). <em>Futura 4\/23 journal<\/em>. Special issue on futures consciousness and philosophy of futures research.<\/p>\n<p>Virmajoki, V. (2023). A deceiving resemblance: Realism debates in philosophy of science and philosophy of historiography. In Mitrovic &amp; Forland (Eds.), <em>The Poverty of Anti-realism<\/em>. Lexington Books.<\/p>\n<p>Virmajoki, V. (2023). Epilogi. Unelma yhten\u00e4isyydest\u00e4. In Myllyntausta, M\u00e4kil\u00e4, Skurnik, &amp; Virmajoki (Eds.), <em>Tiedonhistoria<\/em> (&#8220;History of Knowledge&#8221;). Vastapaino.<\/p>\n<p>Virmajoki, V. (2023). Frameworks in historiography: Explanation, scenarios, and futures. <em>Journal of the Philosophy of History<\/em>.<\/p>\n<p>Virmajoki, V. (2023). Pursuitworthiness in the scheme of futures. <em>European Journal for Philosophy of Science<\/em>.<\/p>\n<p>Virmajoki, V. (2022). Limits of conceivability in the study of the future: Lessons from philosophy of science. <em>Futures<\/em>. <a href=\"https:\/\/www.sciencedirect.com\/science\/article\/pii\/S0016328722000933\" target=\"_new\" rel=\"noreferrer noopener\">https:\/\/www.sciencedirect.com\/science\/article\/pii\/S0016328722000933<\/a><\/p>\n<p>Virmajoki, V. (2022). In defense of causal presentism. <em>HOPOS<\/em>. Forthcoming.<\/p>\n<p>Virmajoki, V. (2022). Understanding futures of science: Connecting causal layered analysis and the philosophy of science. <em>Journal of Futures Studies<\/em>. Forthcoming. <a href=\"http:\/\/philsci-archive.pitt.edu\/19444\/\" target=\"_new\" rel=\"noreferrer noopener\">http:\/\/philsci-archive.pitt.edu\/19444\/<\/a><\/p>\n<p>Virmajoki, V. (2022). What should we require from an account of explanation in historiography? <em>Journal of the Philosophy of History<\/em>.<\/p>\n<p>Virmajoki, V. (2021). Local explanation in historiography of science. <em>European Journal for Philosophy of Science<\/em>.<\/p>\n<p>Virmajoki, V. (2018). Could science be interestingly different? <em>Journal of the Philosophy of History<\/em>.<\/p>\n<p>Virmajoki, V. (2015). Miten tieteenhistorian pit\u00e4isi valita tutkimuskohteensa? <em>Ajatus<\/em>.<\/p>\n<p>[&#8220;How Should the Historiography of Science Choose Its Targets of Study?&#8221;]<\/p>\n<p>&nbsp;<\/p>\n<p><strong>DISSERTATION<\/strong><\/p>\n<p><em>Cementing Science. Understanding Science through Its Development<\/em><\/p>\n<p><a href=\"https:\/\/users.utu.fi\/vevirm\/wp-content\/uploads\/sites\/655\/2019\/05\/DissertationVeliVirmajoki.pdf\">DissertationVeliVirmajoki<\/a><\/p>\n<p>&nbsp;<\/p>\n","protected":false},"excerpt":{"rendered":"<p>Please contact vevirm(at)utu.fi to receive the publications. PUBLICATIONS: Virmajoki, V., &amp; Laakkonen, M.-P. (2024). Time and futures: Analysis of time-needs in futures research. Futures &amp; Foresight Science. Virmajoki, V., &amp; Laakkonen, M.-P. (2024). Don\u2019t push the wrong button: The concept of microperspective in futures research. Futures &amp; Foresight Science. Virmajoki, V. (2024). On the function &hellip; <a href=\"https:\/\/users.utu.fi\/vevirm\/publications\/\" class=\"more-link\">Continue reading<span class=\"screen-reader-text\"> &#8220;Publications&#8221;<\/span><\/a><\/p>\n","protected":false},"author":2804,"featured_media":0,"parent":0,"menu_order":0,"comment_status":"closed","ping_status":"closed","template":"","meta":{"footnotes":""},"class_list":["post-10","page","type-page","status-publish","hentry"],"_links":{"self":[{"href":"https:\/\/users.utu.fi\/vevirm\/wp-json\/wp\/v2\/pages\/10","targetHints":{"allow":["GET"]}}],"collection":[{"href":"https:\/\/users.utu.fi\/vevirm\/wp-json\/wp\/v2\/pages"}],"about":[{"href":"https:\/\/users.utu.fi\/vevirm\/wp-json\/wp\/v2\/types\/page"}],"author":[{"embeddable":true,"href":"https:\/\/users.utu.fi\/vevirm\/wp-json\/wp\/v2\/users\/2804"}],"replies":[{"embeddable":true,"href":"https:\/\/users.utu.fi\/vevirm\/wp-json\/wp\/v2\/comments?post=10"}],"version-history":[{"count":25,"href":"https:\/\/users.utu.fi\/vevirm\/wp-json\/wp\/v2\/pages\/10\/revisions"}],"predecessor-version":[{"id":301,"href":"https:\/\/users.utu.fi\/vevirm\/wp-json\/wp\/v2\/pages\/10\/revisions\/301"}],"wp:attachment":[{"href":"https:\/\/users.utu.fi\/vevirm\/wp-json\/wp\/v2\/media?parent=10"}],"curies":[{"name":"wp","href":"https:\/\/api.w.org\/{rel}","templated":true}]}}